{"id":22594,"date":"2022-06-24T13:49:50","date_gmt":"2022-06-24T11:49:50","guid":{"rendered":"http:\/\/www.hapy-com.fr\/echoppe\/product\/sac-a-dos-lendross-5\/"},"modified":"2022-07-05T23:46:26","modified_gmt":"2022-07-05T21:46:26","slug":"sac-a-dos-lendross-5","status":"publish","type":"product","link":"https:\/\/www.hapy-com.fr\/echoppe\/product\/sac-a-dos-lendross-5\/","title":{"rendered":"Sac \u00e0 Dos Lendross"},"content":{"rendered":"<p>Sac \u00e0 dos robuste en polyester 600D au design d\u00e9contract\u00e9 disponible en diff\u00e9rents coloris. Avec fermeture zipp\u00e9e, passe-fil pour \u00e9couteurs, cordon \u00e9lastique assorti sur le devant avec attaches r\u00e9fl\u00e9chissantes et poches en filet \u00e9lastique sur les c\u00f4t\u00e9s. Accessoires en noir, avec dos et bretelles r\u00e9glables matelass\u00e9s.<\/p>\n","protected":false},"excerpt":{"rendered":"<p>Sac \u00e0 dos robuste en polyester 600D au design d\u00e9contract\u00e9 disponible en diff\u00e9rents coloris. Avec fermeture zipp\u00e9e, passe-fil pour \u00e9couteurs, cordon \u00e9lastique assorti sur le devant avec attaches r\u00e9fl\u00e9chissantes et&#8230;<\/p>\n","protected":false},"featured_media":22593,"template":"","meta":[],"product_cat":[466,338],"product_tag":[],"class_list":{"0":"post-22594","1":"product","2":"type-product","3":"status-publish","4":"has-post-thumbnail","6":"product_cat-sac-ete-et-plage","7":"product_cat-voyage-bagagerie","9":"first","10":"instock","11":"shipping-taxable","12":"purchasable","13":"product-type-simple"},"_links":{"self":[{"href":"https:\/\/www.hapy-com.fr\/echoppe\/wp-json\/wp\/v2\/product\/22594","targetHints":{"allow":["GET"]}}],"collection":[{"href":"https:\/\/www.hapy-com.fr\/echoppe\/wp-json\/wp\/v2\/product"}],"about":[{"href":"https:\/\/www.hapy-com.fr\/echoppe\/wp-json\/wp\/v2\/types\/product"}],"wp:featuredmedia":[{"embeddable":true,"href":"https:\/\/www.hapy-com.fr\/echoppe\/wp-json\/wp\/v2\/media\/22593"}],"wp:attachment":[{"href":"https:\/\/www.hapy-com.fr\/echoppe\/wp-json\/wp\/v2\/media?parent=22594"}],"wp:term":[{"taxonomy":"product_cat","embeddable":true,"href":"https:\/\/www.hapy-com.fr\/echoppe\/wp-json\/wp\/v2\/product_cat?post=22594"},{"taxonomy":"product_tag","embeddable":true,"href":"https:\/\/www.hapy-com.fr\/echoppe\/wp-json\/wp\/v2\/product_tag?post=22594"}],"curies":[{"name":"wp","href":"https:\/\/api.w.org\/{rel}","templated":true}]}}