{"id":22626,"date":"2022-06-24T13:50:16","date_gmt":"2022-06-24T11:50:16","guid":{"rendered":"http:\/\/www.hapy-com.fr\/echoppe\/product\/sac-a-dos-ribuk-4\/"},"modified":"2022-06-24T13:50:16","modified_gmt":"2022-06-24T11:50:16","slug":"sac-a-dos-ribuk-4","status":"publish","type":"product","link":"https:\/\/www.hapy-com.fr\/echoppe\/product\/sac-a-dos-ribuk-4\/","title":{"rendered":"Sac \u00e0 Dos Ribuk"},"content":{"rendered":"<p>Sac \u00e0 dos pliable en tissu ripstop souple et r\u00e9sistant disponible en coloris gais, avec fermeture \u00e9clair et accessoires en gris et noir. Poign\u00e9es\/bretelles r\u00e9glables et mousqueton de transport. Se plie en  petite taille.<\/p>\n","protected":false},"excerpt":{"rendered":"<p>Sac \u00e0 dos pliable en tissu ripstop souple et r\u00e9sistant disponible en coloris gais, avec fermeture \u00e9clair et accessoires en gris et noir. Poign\u00e9es\/bretelles r\u00e9glables et mousqueton de transport. Se&#8230;<\/p>\n","protected":false},"featured_media":22625,"template":"","meta":[],"product_cat":[338],"product_tag":[],"class_list":{"0":"post-22626","1":"product","2":"type-product","3":"status-publish","4":"has-post-thumbnail","6":"product_cat-voyage-bagagerie","8":"first","9":"instock","10":"shipping-taxable","11":"purchasable","12":"product-type-simple"},"_links":{"self":[{"href":"https:\/\/www.hapy-com.fr\/echoppe\/wp-json\/wp\/v2\/product\/22626","targetHints":{"allow":["GET"]}}],"collection":[{"href":"https:\/\/www.hapy-com.fr\/echoppe\/wp-json\/wp\/v2\/product"}],"about":[{"href":"https:\/\/www.hapy-com.fr\/echoppe\/wp-json\/wp\/v2\/types\/product"}],"wp:featuredmedia":[{"embeddable":true,"href":"https:\/\/www.hapy-com.fr\/echoppe\/wp-json\/wp\/v2\/media\/22625"}],"wp:attachment":[{"href":"https:\/\/www.hapy-com.fr\/echoppe\/wp-json\/wp\/v2\/media?parent=22626"}],"wp:term":[{"taxonomy":"product_cat","embeddable":true,"href":"https:\/\/www.hapy-com.fr\/echoppe\/wp-json\/wp\/v2\/product_cat?post=22626"},{"taxonomy":"product_tag","embeddable":true,"href":"https:\/\/www.hapy-com.fr\/echoppe\/wp-json\/wp\/v2\/product_tag?post=22626"}],"curies":[{"name":"wp","href":"https:\/\/api.w.org\/{rel}","templated":true}]}}