{"id":22635,"date":"2022-06-24T13:50:24","date_gmt":"2022-06-24T11:50:24","guid":{"rendered":"http:\/\/www.hapy-com.fr\/echoppe\/product\/sac-a-dos-blades-4\/"},"modified":"2022-06-24T13:50:24","modified_gmt":"2022-06-24T11:50:24","slug":"sac-a-dos-blades-4","status":"publish","type":"product","link":"https:\/\/www.hapy-com.fr\/echoppe\/product\/sac-a-dos-blades-4\/","title":{"rendered":"Sac \u00e0 Dos Blades"},"content":{"rendered":"<p>Sac \u00e0 dos \u00e0 cordelettes en polyester doux 210D avec des couleurs gaies et disponible dans une large gamme de couleurs. Poche frontale zipp\u00e9e et passe-fil pour \u00e9couteurs. Cordelettes de fermeture grises assorties au zip. Coins avec oeillets m\u00e9talliques et renfort en similicuir.<\/p>\n","protected":false},"excerpt":{"rendered":"<p>Sac \u00e0 dos \u00e0 cordelettes en polyester doux 210D avec des couleurs gaies et disponible dans une large gamme de couleurs. Poche frontale zipp\u00e9e et passe-fil pour \u00e9couteurs. Cordelettes de&#8230;<\/p>\n","protected":false},"featured_media":22634,"template":"","meta":[],"product_cat":[338],"product_tag":[],"class_list":{"0":"post-22635","1":"product","2":"type-product","3":"status-publish","4":"has-post-thumbnail","6":"product_cat-voyage-bagagerie","8":"first","9":"instock","10":"shipping-taxable","11":"purchasable","12":"product-type-simple"},"_links":{"self":[{"href":"https:\/\/www.hapy-com.fr\/echoppe\/wp-json\/wp\/v2\/product\/22635","targetHints":{"allow":["GET"]}}],"collection":[{"href":"https:\/\/www.hapy-com.fr\/echoppe\/wp-json\/wp\/v2\/product"}],"about":[{"href":"https:\/\/www.hapy-com.fr\/echoppe\/wp-json\/wp\/v2\/types\/product"}],"wp:featuredmedia":[{"embeddable":true,"href":"https:\/\/www.hapy-com.fr\/echoppe\/wp-json\/wp\/v2\/media\/22634"}],"wp:attachment":[{"href":"https:\/\/www.hapy-com.fr\/echoppe\/wp-json\/wp\/v2\/media?parent=22635"}],"wp:term":[{"taxonomy":"product_cat","embeddable":true,"href":"https:\/\/www.hapy-com.fr\/echoppe\/wp-json\/wp\/v2\/product_cat?post=22635"},{"taxonomy":"product_tag","embeddable":true,"href":"https:\/\/www.hapy-com.fr\/echoppe\/wp-json\/wp\/v2\/product_tag?post=22635"}],"curies":[{"name":"wp","href":"https:\/\/api.w.org\/{rel}","templated":true}]}}