{"id":22665,"date":"2022-06-24T13:50:45","date_gmt":"2022-06-24T11:50:45","guid":{"rendered":"http:\/\/www.hapy-com.fr\/echoppe\/product\/sac-a-dos-backys\/"},"modified":"2022-06-24T13:50:45","modified_gmt":"2022-06-24T11:50:45","slug":"sac-a-dos-backys","status":"publish","type":"product","link":"https:\/\/www.hapy-com.fr\/echoppe\/product\/sac-a-dos-backys\/","title":{"rendered":"Sac \u00e0 Dos Backys"},"content":{"rendered":"<p>Sac \u00e0 dos blanc en intiss\u00e9 sp\u00e9cialement con\u00e7u pour \u00eatre color\u00e9 avec des feutres. Inclus : 5 feutres de corps cylindriques en diff\u00e9rentes couleurs. Avec cordons noirs pour fermeture et renfort dans les coins.<\/p>\n","protected":false},"excerpt":{"rendered":"<p>Sac \u00e0 dos blanc en intiss\u00e9 sp\u00e9cialement con\u00e7u pour \u00eatre color\u00e9 avec des feutres. Inclus : 5 feutres de corps cylindriques en diff\u00e9rentes couleurs. Avec cordons noirs pour fermeture et&#8230;<\/p>\n","protected":false},"featured_media":22664,"template":"","meta":[],"product_cat":[338],"product_tag":[],"class_list":{"0":"post-22665","1":"product","2":"type-product","3":"status-publish","4":"has-post-thumbnail","6":"product_cat-voyage-bagagerie","8":"first","9":"instock","10":"shipping-taxable","11":"purchasable","12":"product-type-simple"},"_links":{"self":[{"href":"https:\/\/www.hapy-com.fr\/echoppe\/wp-json\/wp\/v2\/product\/22665","targetHints":{"allow":["GET"]}}],"collection":[{"href":"https:\/\/www.hapy-com.fr\/echoppe\/wp-json\/wp\/v2\/product"}],"about":[{"href":"https:\/\/www.hapy-com.fr\/echoppe\/wp-json\/wp\/v2\/types\/product"}],"wp:featuredmedia":[{"embeddable":true,"href":"https:\/\/www.hapy-com.fr\/echoppe\/wp-json\/wp\/v2\/media\/22664"}],"wp:attachment":[{"href":"https:\/\/www.hapy-com.fr\/echoppe\/wp-json\/wp\/v2\/media?parent=22665"}],"wp:term":[{"taxonomy":"product_cat","embeddable":true,"href":"https:\/\/www.hapy-com.fr\/echoppe\/wp-json\/wp\/v2\/product_cat?post=22665"},{"taxonomy":"product_tag","embeddable":true,"href":"https:\/\/www.hapy-com.fr\/echoppe\/wp-json\/wp\/v2\/product_tag?post=22665"}],"curies":[{"name":"wp","href":"https:\/\/api.w.org\/{rel}","templated":true}]}}