{"id":22804,"date":"2022-06-24T13:52:57","date_gmt":"2022-06-24T11:52:57","guid":{"rendered":"http:\/\/www.hapy-com.fr\/echoppe\/product\/seau-blake\/"},"modified":"2022-06-24T13:52:57","modified_gmt":"2022-06-24T11:52:57","slug":"seau-blake","status":"publish","type":"product","link":"https:\/\/www.hapy-com.fr\/echoppe\/product\/seau-blake\/","title":{"rendered":"Seau Blake"},"content":{"rendered":"<p>Seau m\u00e9tallique \u00e0 anse d\u00b4une contenance de 6L. Avec ouvre-bouteille en aluminium fix\u00e9 \u00e0 une cha\u00eene-incluse.<\/p>\n","protected":false},"excerpt":{"rendered":"<p>Seau m\u00e9tallique \u00e0 anse d\u00b4une contenance de 6L. Avec ouvre-bouteille en aluminium fix\u00e9 \u00e0 une cha\u00eene-incluse.<\/p>\n","protected":false},"featured_media":22803,"template":"","meta":[],"product_cat":[338],"product_tag":[],"class_list":{"0":"post-22804","1":"product","2":"type-product","3":"status-publish","4":"has-post-thumbnail","6":"product_cat-voyage-bagagerie","8":"first","9":"instock","10":"shipping-taxable","11":"purchasable","12":"product-type-simple"},"_links":{"self":[{"href":"https:\/\/www.hapy-com.fr\/echoppe\/wp-json\/wp\/v2\/product\/22804","targetHints":{"allow":["GET"]}}],"collection":[{"href":"https:\/\/www.hapy-com.fr\/echoppe\/wp-json\/wp\/v2\/product"}],"about":[{"href":"https:\/\/www.hapy-com.fr\/echoppe\/wp-json\/wp\/v2\/types\/product"}],"wp:featuredmedia":[{"embeddable":true,"href":"https:\/\/www.hapy-com.fr\/echoppe\/wp-json\/wp\/v2\/media\/22803"}],"wp:attachment":[{"href":"https:\/\/www.hapy-com.fr\/echoppe\/wp-json\/wp\/v2\/media?parent=22804"}],"wp:term":[{"taxonomy":"product_cat","embeddable":true,"href":"https:\/\/www.hapy-com.fr\/echoppe\/wp-json\/wp\/v2\/product_cat?post=22804"},{"taxonomy":"product_tag","embeddable":true,"href":"https:\/\/www.hapy-com.fr\/echoppe\/wp-json\/wp\/v2\/product_tag?post=22804"}],"curies":[{"name":"wp","href":"https:\/\/api.w.org\/{rel}","templated":true}]}}