{"id":22937,"date":"2022-06-24T13:55:08","date_gmt":"2022-06-24T11:55:08","guid":{"rendered":"http:\/\/www.hapy-com.fr\/echoppe\/product\/natte-de-plage-zorlax\/"},"modified":"2022-07-05T23:47:18","modified_gmt":"2022-07-05T21:47:18","slug":"natte-de-plage-zorlax","status":"publish","type":"product","link":"https:\/\/www.hapy-com.fr\/echoppe\/product\/natte-de-plage-zorlax\/","title":{"rendered":"Natte de Plage Zorlax"},"content":{"rendered":"<p>Tapis de pique-nique en polyester 190T tr\u00e8s r\u00e9sistant. Dimensions 145 x 105 cm, avec poches dans les coins pour le lester avec des pierres ou du sable. Fermeture par cordon avec accessoire de r\u00e9glage.  *Pour les commandes avec impression, le co\u00fbt du marquage doit \u00eatre major\u00e9 de + 0,20 \/ unit\u00e9 pour traitement sp\u00e9cial.*<\/p>\n","protected":false},"excerpt":{"rendered":"<p>Tapis de pique-nique en polyester 190T tr\u00e8s r\u00e9sistant. Dimensions 145 x 105 cm, avec poches dans les coins pour le lester avec des pierres ou du sable. Fermeture par cordon&#8230;<\/p>\n","protected":false},"featured_media":22935,"template":"","meta":[],"product_cat":[464,488,338],"product_tag":[],"class_list":{"0":"post-22937","1":"product","2":"type-product","3":"status-publish","4":"has-post-thumbnail","6":"product_cat-mobilier-de-plage","7":"product_cat-natte-de-plage","8":"product_cat-voyage-bagagerie","10":"first","11":"instock","12":"shipping-taxable","13":"purchasable","14":"product-type-simple"},"_links":{"self":[{"href":"https:\/\/www.hapy-com.fr\/echoppe\/wp-json\/wp\/v2\/product\/22937","targetHints":{"allow":["GET"]}}],"collection":[{"href":"https:\/\/www.hapy-com.fr\/echoppe\/wp-json\/wp\/v2\/product"}],"about":[{"href":"https:\/\/www.hapy-com.fr\/echoppe\/wp-json\/wp\/v2\/types\/product"}],"wp:featuredmedia":[{"embeddable":true,"href":"https:\/\/www.hapy-com.fr\/echoppe\/wp-json\/wp\/v2\/media\/22935"}],"wp:attachment":[{"href":"https:\/\/www.hapy-com.fr\/echoppe\/wp-json\/wp\/v2\/media?parent=22937"}],"wp:term":[{"taxonomy":"product_cat","embeddable":true,"href":"https:\/\/www.hapy-com.fr\/echoppe\/wp-json\/wp\/v2\/product_cat?post=22937"},{"taxonomy":"product_tag","embeddable":true,"href":"https:\/\/www.hapy-com.fr\/echoppe\/wp-json\/wp\/v2\/product_tag?post=22937"}],"curies":[{"name":"wp","href":"https:\/\/api.w.org\/{rel}","templated":true}]}}