{"id":22979,"date":"2022-06-24T13:55:43","date_gmt":"2022-06-24T11:55:43","guid":{"rendered":"http:\/\/www.hapy-com.fr\/echoppe\/product\/sac-a-dos-kenny-4\/"},"modified":"2022-06-24T13:55:43","modified_gmt":"2022-06-24T11:55:43","slug":"sac-a-dos-kenny-4","status":"publish","type":"product","link":"https:\/\/www.hapy-com.fr\/echoppe\/product\/sac-a-dos-kenny-4\/","title":{"rendered":"Sac \u00e0 Dos Kenny"},"content":{"rendered":"<p>Sac \u00e0 dos \u00e0 l\u00b4allure d\u00e9contract\u00e9e avec sa capuche. M\u00e9lange de coton et polyester. Accessoires assortis disponibles en coloris vari\u00e9s. Poches sur le devant avec fermeture zipp\u00e9e. Fermeture de la partie sup\u00e9rieure avec cordons de serrage et oeillets de renfort.<\/p>\n","protected":false},"excerpt":{"rendered":"<p>Sac \u00e0 dos \u00e0 l\u00b4allure d\u00e9contract\u00e9e avec sa capuche. M\u00e9lange de coton et polyester. Accessoires assortis disponibles en coloris vari\u00e9s. Poches sur le devant avec fermeture zipp\u00e9e. Fermeture de la&#8230;<\/p>\n","protected":false},"featured_media":22978,"template":"","meta":[],"product_cat":[338],"product_tag":[],"class_list":{"0":"post-22979","1":"product","2":"type-product","3":"status-publish","4":"has-post-thumbnail","6":"product_cat-voyage-bagagerie","8":"first","9":"instock","10":"shipping-taxable","11":"purchasable","12":"product-type-simple"},"_links":{"self":[{"href":"https:\/\/www.hapy-com.fr\/echoppe\/wp-json\/wp\/v2\/product\/22979","targetHints":{"allow":["GET"]}}],"collection":[{"href":"https:\/\/www.hapy-com.fr\/echoppe\/wp-json\/wp\/v2\/product"}],"about":[{"href":"https:\/\/www.hapy-com.fr\/echoppe\/wp-json\/wp\/v2\/types\/product"}],"wp:featuredmedia":[{"embeddable":true,"href":"https:\/\/www.hapy-com.fr\/echoppe\/wp-json\/wp\/v2\/media\/22978"}],"wp:attachment":[{"href":"https:\/\/www.hapy-com.fr\/echoppe\/wp-json\/wp\/v2\/media?parent=22979"}],"wp:term":[{"taxonomy":"product_cat","embeddable":true,"href":"https:\/\/www.hapy-com.fr\/echoppe\/wp-json\/wp\/v2\/product_cat?post=22979"},{"taxonomy":"product_tag","embeddable":true,"href":"https:\/\/www.hapy-com.fr\/echoppe\/wp-json\/wp\/v2\/product_tag?post=22979"}],"curies":[{"name":"wp","href":"https:\/\/api.w.org\/{rel}","templated":true}]}}