{"id":23059,"date":"2022-06-24T13:56:55","date_gmt":"2022-06-24T11:56:55","guid":{"rendered":"http:\/\/www.hapy-com.fr\/echoppe\/product\/bandouliere-versox\/"},"modified":"2022-06-24T13:56:55","modified_gmt":"2022-06-24T11:56:55","slug":"bandouliere-versox","status":"publish","type":"product","link":"https:\/\/www.hapy-com.fr\/echoppe\/product\/bandouliere-versox\/","title":{"rendered":"Bandouli\u00e8re Versox"},"content":{"rendered":"<p>Sac \u00e0 bandouli\u00e8re polyvalent en polyester 300D durable. Design urbain attrayant, en combinaison de denim et de couleurs gris noir. Avec connexion USB pour la charge -powerbank et c\u00e2ble non inclus- et poche rembourr\u00e9e pour tablette jusqu \u00e0 10 pouces. Dos rembourr\u00e9 et ruban adh\u00e9sif avec du ruban adh\u00e9sif r\u00e9glable. Poche principale d ouverture facile avec fermeture \u00e9clair et poign\u00e9es robustes.<\/p>\n","protected":false},"excerpt":{"rendered":"<p>Sac \u00e0 bandouli\u00e8re polyvalent en polyester 300D durable. Design urbain attrayant, en combinaison de denim et de couleurs gris noir. Avec connexion USB pour la charge -powerbank et c\u00e2ble non&#8230;<\/p>\n","protected":false},"featured_media":23058,"template":"","meta":[],"product_cat":[338],"product_tag":[],"class_list":{"0":"post-23059","1":"product","2":"type-product","3":"status-publish","4":"has-post-thumbnail","6":"product_cat-voyage-bagagerie","8":"first","9":"instock","10":"shipping-taxable","11":"purchasable","12":"product-type-simple"},"_links":{"self":[{"href":"https:\/\/www.hapy-com.fr\/echoppe\/wp-json\/wp\/v2\/product\/23059","targetHints":{"allow":["GET"]}}],"collection":[{"href":"https:\/\/www.hapy-com.fr\/echoppe\/wp-json\/wp\/v2\/product"}],"about":[{"href":"https:\/\/www.hapy-com.fr\/echoppe\/wp-json\/wp\/v2\/types\/product"}],"wp:featuredmedia":[{"embeddable":true,"href":"https:\/\/www.hapy-com.fr\/echoppe\/wp-json\/wp\/v2\/media\/23058"}],"wp:attachment":[{"href":"https:\/\/www.hapy-com.fr\/echoppe\/wp-json\/wp\/v2\/media?parent=23059"}],"wp:term":[{"taxonomy":"product_cat","embeddable":true,"href":"https:\/\/www.hapy-com.fr\/echoppe\/wp-json\/wp\/v2\/product_cat?post=23059"},{"taxonomy":"product_tag","embeddable":true,"href":"https:\/\/www.hapy-com.fr\/echoppe\/wp-json\/wp\/v2\/product_tag?post=23059"}],"curies":[{"name":"wp","href":"https:\/\/api.w.org\/{rel}","templated":true}]}}