{"id":23078,"date":"2022-06-24T13:57:11","date_gmt":"2022-06-24T11:57:11","guid":{"rendered":"http:\/\/www.hapy-com.fr\/echoppe\/product\/sac-a-dos-indicateur-dontax\/"},"modified":"2022-06-24T13:57:11","modified_gmt":"2022-06-24T11:57:11","slug":"sac-a-dos-indicateur-dontax","status":"publish","type":"product","link":"https:\/\/www.hapy-com.fr\/echoppe\/product\/sac-a-dos-indicateur-dontax\/","title":{"rendered":"Sac \u00e0 Dos Indicateur Dontax"},"content":{"rendered":"<p>Sac \u00e0 dos avec voyant lumineux multifonctionnel, en polyester imperm\u00e9able 600D. Design urbain, compartiment principal avec double fermeture \u00e0 glissi\u00e8re et pochette rembourr\u00e9e pour les ordinateurs portables jusqu\u00b4\u00e0 15 pouces. Bretelles rembourr\u00e9es et r\u00e9glables aux \u00e9paules et au dos. Comprend une connexion USB pour le t\u00e9moin lumineux. Compartiment principal zipp\u00e9 avec bretelles et dos rembourr\u00e9s. Bretelles r\u00e9glables.<\/p>\n","protected":false},"excerpt":{"rendered":"<p>Sac \u00e0 dos avec voyant lumineux multifonctionnel, en polyester imperm\u00e9able 600D. Design urbain, compartiment principal avec double fermeture \u00e0 glissi\u00e8re et pochette rembourr\u00e9e pour les ordinateurs portables jusqu\u00b4\u00e0 15 pouces&#8230;.<\/p>\n","protected":false},"featured_media":23076,"template":"","meta":[],"product_cat":[338],"product_tag":[],"class_list":{"0":"post-23078","1":"product","2":"type-product","3":"status-publish","4":"has-post-thumbnail","6":"product_cat-voyage-bagagerie","8":"first","9":"instock","10":"shipping-taxable","11":"purchasable","12":"product-type-simple"},"_links":{"self":[{"href":"https:\/\/www.hapy-com.fr\/echoppe\/wp-json\/wp\/v2\/product\/23078","targetHints":{"allow":["GET"]}}],"collection":[{"href":"https:\/\/www.hapy-com.fr\/echoppe\/wp-json\/wp\/v2\/product"}],"about":[{"href":"https:\/\/www.hapy-com.fr\/echoppe\/wp-json\/wp\/v2\/types\/product"}],"wp:featuredmedia":[{"embeddable":true,"href":"https:\/\/www.hapy-com.fr\/echoppe\/wp-json\/wp\/v2\/media\/23076"}],"wp:attachment":[{"href":"https:\/\/www.hapy-com.fr\/echoppe\/wp-json\/wp\/v2\/media?parent=23078"}],"wp:term":[{"taxonomy":"product_cat","embeddable":true,"href":"https:\/\/www.hapy-com.fr\/echoppe\/wp-json\/wp\/v2\/product_cat?post=23078"},{"taxonomy":"product_tag","embeddable":true,"href":"https:\/\/www.hapy-com.fr\/echoppe\/wp-json\/wp\/v2\/product_tag?post=23078"}],"curies":[{"name":"wp","href":"https:\/\/api.w.org\/{rel}","templated":true}]}}