{"id":23104,"date":"2022-06-24T13:57:34","date_gmt":"2022-06-24T11:57:34","guid":{"rendered":"http:\/\/www.hapy-com.fr\/echoppe\/product\/sac-a-dos-lorcan\/"},"modified":"2022-06-24T13:57:34","modified_gmt":"2022-06-24T11:57:34","slug":"sac-a-dos-lorcan","status":"publish","type":"product","link":"https:\/\/www.hapy-com.fr\/echoppe\/product\/sac-a-dos-lorcan\/","title":{"rendered":"Sac \u00e0 Dos Lorcan"},"content":{"rendered":"<p>Sac \u00e0 dos 600D en li\u00e8ge naturel et tr\u00e8s r\u00e9sistant. Avec double fermeture \u00e0 glissi\u00e8re et poche en li\u00e8ge naturel sur le devant. Poign\u00e9e et accessoires en noir. Les bretelles et le dos sont rembourr\u00e9s et r\u00e9glables.<\/p>\n","protected":false},"excerpt":{"rendered":"<p>Sac \u00e0 dos 600D en li\u00e8ge naturel et tr\u00e8s r\u00e9sistant. Avec double fermeture \u00e0 glissi\u00e8re et poche en li\u00e8ge naturel sur le devant. Poign\u00e9e et accessoires en noir. Les bretelles&#8230;<\/p>\n","protected":false},"featured_media":23102,"template":"","meta":[],"product_cat":[338],"product_tag":[],"class_list":{"0":"post-23104","1":"product","2":"type-product","3":"status-publish","4":"has-post-thumbnail","6":"product_cat-voyage-bagagerie","8":"first","9":"instock","10":"shipping-taxable","11":"purchasable","12":"product-type-simple"},"_links":{"self":[{"href":"https:\/\/www.hapy-com.fr\/echoppe\/wp-json\/wp\/v2\/product\/23104","targetHints":{"allow":["GET"]}}],"collection":[{"href":"https:\/\/www.hapy-com.fr\/echoppe\/wp-json\/wp\/v2\/product"}],"about":[{"href":"https:\/\/www.hapy-com.fr\/echoppe\/wp-json\/wp\/v2\/types\/product"}],"wp:featuredmedia":[{"embeddable":true,"href":"https:\/\/www.hapy-com.fr\/echoppe\/wp-json\/wp\/v2\/media\/23102"}],"wp:attachment":[{"href":"https:\/\/www.hapy-com.fr\/echoppe\/wp-json\/wp\/v2\/media?parent=23104"}],"wp:term":[{"taxonomy":"product_cat","embeddable":true,"href":"https:\/\/www.hapy-com.fr\/echoppe\/wp-json\/wp\/v2\/product_cat?post=23104"},{"taxonomy":"product_tag","embeddable":true,"href":"https:\/\/www.hapy-com.fr\/echoppe\/wp-json\/wp\/v2\/product_tag?post=23104"}],"curies":[{"name":"wp","href":"https:\/\/api.w.org\/{rel}","templated":true}]}}