{"id":23143,"date":"2022-06-24T13:58:08","date_gmt":"2022-06-24T11:58:08","guid":{"rendered":"http:\/\/www.hapy-com.fr\/echoppe\/product\/sac-a-dos-kizon\/"},"modified":"2022-06-24T13:58:08","modified_gmt":"2022-06-24T11:58:08","slug":"sac-a-dos-kizon","status":"publish","type":"product","link":"https:\/\/www.hapy-com.fr\/echoppe\/product\/sac-a-dos-kizon\/","title":{"rendered":"Sac \u00e0 Dos Kizon"},"content":{"rendered":"<p>Sac \u00e0 dos innovant en papier lamin\u00e9 ultra-r\u00e9sistant de 130 g\/m2, r\u00e9sistant aux \u00e9claboussures. Compartiment principal et grande poche avant avec fermetures \u00e9clair. Poign\u00e9e et accessoires noirs, avec bretelles rembourr\u00e9es r\u00e9glables.<\/p>\n","protected":false},"excerpt":{"rendered":"<p>Sac \u00e0 dos innovant en papier lamin\u00e9 ultra-r\u00e9sistant de 130 g\/m2, r\u00e9sistant aux \u00e9claboussures. Compartiment principal et grande poche avant avec fermetures \u00e9clair. Poign\u00e9e et accessoires noirs, avec bretelles rembourr\u00e9es&#8230;<\/p>\n","protected":false},"featured_media":23141,"template":"","meta":[],"product_cat":[338],"product_tag":[],"class_list":{"0":"post-23143","1":"product","2":"type-product","3":"status-publish","4":"has-post-thumbnail","6":"product_cat-voyage-bagagerie","8":"first","9":"instock","10":"shipping-taxable","11":"purchasable","12":"product-type-simple"},"_links":{"self":[{"href":"https:\/\/www.hapy-com.fr\/echoppe\/wp-json\/wp\/v2\/product\/23143","targetHints":{"allow":["GET"]}}],"collection":[{"href":"https:\/\/www.hapy-com.fr\/echoppe\/wp-json\/wp\/v2\/product"}],"about":[{"href":"https:\/\/www.hapy-com.fr\/echoppe\/wp-json\/wp\/v2\/types\/product"}],"wp:featuredmedia":[{"embeddable":true,"href":"https:\/\/www.hapy-com.fr\/echoppe\/wp-json\/wp\/v2\/media\/23141"}],"wp:attachment":[{"href":"https:\/\/www.hapy-com.fr\/echoppe\/wp-json\/wp\/v2\/media?parent=23143"}],"wp:term":[{"taxonomy":"product_cat","embeddable":true,"href":"https:\/\/www.hapy-com.fr\/echoppe\/wp-json\/wp\/v2\/product_cat?post=23143"},{"taxonomy":"product_tag","embeddable":true,"href":"https:\/\/www.hapy-com.fr\/echoppe\/wp-json\/wp\/v2\/product_tag?post=23143"}],"curies":[{"name":"wp","href":"https:\/\/api.w.org\/{rel}","templated":true}]}}