{"id":23158,"date":"2022-06-24T13:58:21","date_gmt":"2022-06-24T11:58:21","guid":{"rendered":"http:\/\/www.hapy-com.fr\/echoppe\/product\/sac-a-dos-galsin\/"},"modified":"2022-06-24T13:58:21","modified_gmt":"2022-06-24T11:58:21","slug":"sac-a-dos-galsin","status":"publish","type":"product","link":"https:\/\/www.hapy-com.fr\/echoppe\/product\/sac-a-dos-galsin\/","title":{"rendered":"Sac \u00e0 Dos Galsin"},"content":{"rendered":"<p>Sac \u00e0 dos en li\u00e8ge naturel et coton souple, cordes autobloquantes de couleur naturelle et coins renforc\u00e9s. Les cordelettes coulissantes des bretelles servent \u00e9galement \u00e0 maintenir le sac ferm\u00e9.<\/p>\n","protected":false},"excerpt":{"rendered":"<p>Sac \u00e0 dos en li\u00e8ge naturel et coton souple, cordes autobloquantes de couleur naturelle et coins renforc\u00e9s. Les cordelettes coulissantes des bretelles servent \u00e9galement \u00e0 maintenir le sac ferm\u00e9.<\/p>\n","protected":false},"featured_media":23156,"template":"","meta":[],"product_cat":[338],"product_tag":[],"class_list":{"0":"post-23158","1":"product","2":"type-product","3":"status-publish","4":"has-post-thumbnail","6":"product_cat-voyage-bagagerie","8":"first","9":"instock","10":"shipping-taxable","11":"purchasable","12":"product-type-simple"},"_links":{"self":[{"href":"https:\/\/www.hapy-com.fr\/echoppe\/wp-json\/wp\/v2\/product\/23158","targetHints":{"allow":["GET"]}}],"collection":[{"href":"https:\/\/www.hapy-com.fr\/echoppe\/wp-json\/wp\/v2\/product"}],"about":[{"href":"https:\/\/www.hapy-com.fr\/echoppe\/wp-json\/wp\/v2\/types\/product"}],"wp:featuredmedia":[{"embeddable":true,"href":"https:\/\/www.hapy-com.fr\/echoppe\/wp-json\/wp\/v2\/media\/23156"}],"wp:attachment":[{"href":"https:\/\/www.hapy-com.fr\/echoppe\/wp-json\/wp\/v2\/media?parent=23158"}],"wp:term":[{"taxonomy":"product_cat","embeddable":true,"href":"https:\/\/www.hapy-com.fr\/echoppe\/wp-json\/wp\/v2\/product_cat?post=23158"},{"taxonomy":"product_tag","embeddable":true,"href":"https:\/\/www.hapy-com.fr\/echoppe\/wp-json\/wp\/v2\/product_tag?post=23158"}],"curies":[{"name":"wp","href":"https:\/\/api.w.org\/{rel}","templated":true}]}}