{"id":23217,"date":"2022-06-24T13:59:15","date_gmt":"2022-06-24T11:59:15","guid":{"rendered":"http:\/\/www.hapy-com.fr\/echoppe\/product\/sac-a-dos-noren\/"},"modified":"2022-06-24T13:59:15","modified_gmt":"2022-06-24T11:59:15","slug":"sac-a-dos-noren","status":"publish","type":"product","link":"https:\/\/www.hapy-com.fr\/echoppe\/product\/sac-a-dos-noren\/","title":{"rendered":"Sac \u00e0 Dos Noren"},"content":{"rendered":"<p>Sac \u00e0 dos d\u00b4affaires en polyester r\u00e9sistant 600D. Avec double poche \u00e0 fermeture \u00e9clair et poche avant. Incluant une connexion USB pour le chargement des appareils mobiles (c\u00e2ble inclus, batterie auxiliaire non incluse). Poche lat\u00e9rale en filet, coins renforc\u00e9s et accessoires de couleur noire. Avec dos rembourr\u00e9 et bretelles r\u00e9glables &#038; rembourr\u00e9es.<\/p>\n","protected":false},"excerpt":{"rendered":"<p>Sac \u00e0 dos d\u00b4affaires en polyester r\u00e9sistant 600D. Avec double poche \u00e0 fermeture \u00e9clair et poche avant. Incluant une connexion USB pour le chargement des appareils mobiles (c\u00e2ble inclus, batterie&#8230;<\/p>\n","protected":false},"featured_media":23215,"template":"","meta":[],"product_cat":[338],"product_tag":[],"class_list":{"0":"post-23217","1":"product","2":"type-product","3":"status-publish","4":"has-post-thumbnail","6":"product_cat-voyage-bagagerie","8":"first","9":"instock","10":"shipping-taxable","11":"purchasable","12":"product-type-simple"},"_links":{"self":[{"href":"https:\/\/www.hapy-com.fr\/echoppe\/wp-json\/wp\/v2\/product\/23217","targetHints":{"allow":["GET"]}}],"collection":[{"href":"https:\/\/www.hapy-com.fr\/echoppe\/wp-json\/wp\/v2\/product"}],"about":[{"href":"https:\/\/www.hapy-com.fr\/echoppe\/wp-json\/wp\/v2\/types\/product"}],"wp:featuredmedia":[{"embeddable":true,"href":"https:\/\/www.hapy-com.fr\/echoppe\/wp-json\/wp\/v2\/media\/23215"}],"wp:attachment":[{"href":"https:\/\/www.hapy-com.fr\/echoppe\/wp-json\/wp\/v2\/media?parent=23217"}],"wp:term":[{"taxonomy":"product_cat","embeddable":true,"href":"https:\/\/www.hapy-com.fr\/echoppe\/wp-json\/wp\/v2\/product_cat?post=23217"},{"taxonomy":"product_tag","embeddable":true,"href":"https:\/\/www.hapy-com.fr\/echoppe\/wp-json\/wp\/v2\/product_tag?post=23217"}],"curies":[{"name":"wp","href":"https:\/\/api.w.org\/{rel}","templated":true}]}}