{"id":23254,"date":"2022-06-24T13:59:44","date_gmt":"2022-06-24T11:59:44","guid":{"rendered":"http:\/\/www.hapy-com.fr\/echoppe\/product\/sac-a-dos-porte-documents-hurkon\/"},"modified":"2022-06-24T13:59:44","modified_gmt":"2022-06-24T11:59:44","slug":"sac-a-dos-porte-documents-hurkon","status":"publish","type":"product","link":"https:\/\/www.hapy-com.fr\/echoppe\/product\/sac-a-dos-porte-documents-hurkon\/","title":{"rendered":"Sac \u00e0 Dos Porte-Documents Hurkon"},"content":{"rendered":"<p>Sac \u00e0 dos porte documents en polyester 300D r\u00e9sistant avec d\u00e9tails en similicuir. Design urbain, compartiment principal avec fermeture \u00e0 glissi\u00e8re \u00e0 double tirette et poche rembourr\u00e9e pour ordinateurs portables jusqu\u00b4\u00e0 15 pouces. Bretelles rembourr\u00e9es et  ajustable. Accessoire pour mettre le sac sur la poign\u00e9e de votre valise \u00e0 roulette, et la poche pour cacher les sangles au dos lorsqu\u00b4il est utilis\u00e9 comme porte-documents.<\/p>\n","protected":false},"excerpt":{"rendered":"<p>Sac \u00e0 dos porte documents en polyester 300D r\u00e9sistant avec d\u00e9tails en similicuir. Design urbain, compartiment principal avec fermeture \u00e0 glissi\u00e8re \u00e0 double tirette et poche rembourr\u00e9e pour ordinateurs portables&#8230;<\/p>\n","protected":false},"featured_media":23252,"template":"","meta":[],"product_cat":[338],"product_tag":[],"class_list":{"0":"post-23254","1":"product","2":"type-product","3":"status-publish","4":"has-post-thumbnail","6":"product_cat-voyage-bagagerie","8":"first","9":"instock","10":"shipping-taxable","11":"purchasable","12":"product-type-simple"},"_links":{"self":[{"href":"https:\/\/www.hapy-com.fr\/echoppe\/wp-json\/wp\/v2\/product\/23254","targetHints":{"allow":["GET"]}}],"collection":[{"href":"https:\/\/www.hapy-com.fr\/echoppe\/wp-json\/wp\/v2\/product"}],"about":[{"href":"https:\/\/www.hapy-com.fr\/echoppe\/wp-json\/wp\/v2\/types\/product"}],"wp:featuredmedia":[{"embeddable":true,"href":"https:\/\/www.hapy-com.fr\/echoppe\/wp-json\/wp\/v2\/media\/23252"}],"wp:attachment":[{"href":"https:\/\/www.hapy-com.fr\/echoppe\/wp-json\/wp\/v2\/media?parent=23254"}],"wp:term":[{"taxonomy":"product_cat","embeddable":true,"href":"https:\/\/www.hapy-com.fr\/echoppe\/wp-json\/wp\/v2\/product_cat?post=23254"},{"taxonomy":"product_tag","embeddable":true,"href":"https:\/\/www.hapy-com.fr\/echoppe\/wp-json\/wp\/v2\/product_tag?post=23254"}],"curies":[{"name":"wp","href":"https:\/\/api.w.org\/{rel}","templated":true}]}}