{"id":23262,"date":"2022-06-24T13:59:51","date_gmt":"2022-06-24T11:59:51","guid":{"rendered":"http:\/\/www.hapy-com.fr\/echoppe\/product\/sac-a-dos-kropel-2\/"},"modified":"2022-06-24T13:59:51","modified_gmt":"2022-06-24T11:59:51","slug":"sac-a-dos-kropel-2","status":"publish","type":"product","link":"https:\/\/www.hapy-com.fr\/echoppe\/product\/sac-a-dos-kropel-2\/","title":{"rendered":"Sac \u00e0 Dos Kropel"},"content":{"rendered":"<p>Sac \u00e0 dos polyvalent en polyester 300D, r\u00e9sistant avec une finition bicolore. De conception urbaine, il comprend une poche  anti RFID (Radio Frequency Identification) qui prot\u00e8ge vos appareils de transmission d\u00b4identit\u00e9. Compartiment principal avec fermoir \u00e0 clic de s\u00e9curit\u00e9 et poche rembourr\u00e9e pour ordinateurs portables jusqu\u00b4\u00e0 15 pouces. Avec bretelles rembourr\u00e9es r\u00e9glables.<\/p>\n","protected":false},"excerpt":{"rendered":"<p>Sac \u00e0 dos polyvalent en polyester 300D, r\u00e9sistant avec une finition bicolore. De conception urbaine, il comprend une poche anti RFID (Radio Frequency Identification) qui prot\u00e8ge vos appareils de transmission&#8230;<\/p>\n","protected":false},"featured_media":23261,"template":"","meta":[],"product_cat":[338],"product_tag":[],"class_list":{"0":"post-23262","1":"product","2":"type-product","3":"status-publish","4":"has-post-thumbnail","6":"product_cat-voyage-bagagerie","8":"first","9":"instock","10":"shipping-taxable","11":"purchasable","12":"product-type-simple"},"_links":{"self":[{"href":"https:\/\/www.hapy-com.fr\/echoppe\/wp-json\/wp\/v2\/product\/23262","targetHints":{"allow":["GET"]}}],"collection":[{"href":"https:\/\/www.hapy-com.fr\/echoppe\/wp-json\/wp\/v2\/product"}],"about":[{"href":"https:\/\/www.hapy-com.fr\/echoppe\/wp-json\/wp\/v2\/types\/product"}],"wp:featuredmedia":[{"embeddable":true,"href":"https:\/\/www.hapy-com.fr\/echoppe\/wp-json\/wp\/v2\/media\/23261"}],"wp:attachment":[{"href":"https:\/\/www.hapy-com.fr\/echoppe\/wp-json\/wp\/v2\/media?parent=23262"}],"wp:term":[{"taxonomy":"product_cat","embeddable":true,"href":"https:\/\/www.hapy-com.fr\/echoppe\/wp-json\/wp\/v2\/product_cat?post=23262"},{"taxonomy":"product_tag","embeddable":true,"href":"https:\/\/www.hapy-com.fr\/echoppe\/wp-json\/wp\/v2\/product_tag?post=23262"}],"curies":[{"name":"wp","href":"https:\/\/api.w.org\/{rel}","templated":true}]}}