{"id":23265,"date":"2022-06-24T13:59:54","date_gmt":"2022-06-24T11:59:54","guid":{"rendered":"http:\/\/www.hapy-com.fr\/echoppe\/product\/sac-a-dos-porte-documents-sulkan\/"},"modified":"2022-06-24T13:59:54","modified_gmt":"2022-06-24T11:59:54","slug":"sac-a-dos-porte-documents-sulkan","status":"publish","type":"product","link":"https:\/\/www.hapy-com.fr\/echoppe\/product\/sac-a-dos-porte-documents-sulkan\/","title":{"rendered":"Sac \u00e0 Dos Porte-Documents Sulkan"},"content":{"rendered":"<p>Sac \u00e0 dos, avec porte document et compartiement pour ordinateur portable, en polyester 600D, r\u00e9sistant avec finition denim. Design urbain, avec poche anti-vol, comprend une connexion USB pour charger les appareils mobiles (c\u00e2ble inclus, batterie auxiliaire non incluse) et une poche rembourr\u00e9e pour les ordinateurs portables jusqu\u00b4\u00e0 17 pouces. Renforc\u00e9 au niveau des poches interieurs et des anses avec \u00e0 soufflet avec fermeture \u00e0 boucle de s\u00e9curit\u00e9 et compartiments avec fermeture \u00e0 glissi\u00e8re \u00e0 double traction, avec bretelles et bretelles rembourr\u00e9es, r\u00e9glage r\u00e9glable. Accessoire de r\u00e9glage dans le chariot et la poche pour cacher les rubans au dos lorsqu\u00b4il est utilis\u00e9 comme porte-documents.<\/p>\n","protected":false},"excerpt":{"rendered":"<p>Sac \u00e0 dos, avec porte document et compartiement pour ordinateur portable, en polyester 600D, r\u00e9sistant avec finition denim. Design urbain, avec poche anti-vol, comprend une connexion USB pour charger les&#8230;<\/p>\n","protected":false},"featured_media":23263,"template":"","meta":[],"product_cat":[338],"product_tag":[],"class_list":{"0":"post-23265","1":"product","2":"type-product","3":"status-publish","4":"has-post-thumbnail","6":"product_cat-voyage-bagagerie","8":"first","9":"instock","10":"shipping-taxable","11":"purchasable","12":"product-type-simple"},"_links":{"self":[{"href":"https:\/\/www.hapy-com.fr\/echoppe\/wp-json\/wp\/v2\/product\/23265","targetHints":{"allow":["GET"]}}],"collection":[{"href":"https:\/\/www.hapy-com.fr\/echoppe\/wp-json\/wp\/v2\/product"}],"about":[{"href":"https:\/\/www.hapy-com.fr\/echoppe\/wp-json\/wp\/v2\/types\/product"}],"wp:featuredmedia":[{"embeddable":true,"href":"https:\/\/www.hapy-com.fr\/echoppe\/wp-json\/wp\/v2\/media\/23263"}],"wp:attachment":[{"href":"https:\/\/www.hapy-com.fr\/echoppe\/wp-json\/wp\/v2\/media?parent=23265"}],"wp:term":[{"taxonomy":"product_cat","embeddable":true,"href":"https:\/\/www.hapy-com.fr\/echoppe\/wp-json\/wp\/v2\/product_cat?post=23265"},{"taxonomy":"product_tag","embeddable":true,"href":"https:\/\/www.hapy-com.fr\/echoppe\/wp-json\/wp\/v2\/product_tag?post=23265"}],"curies":[{"name":"wp","href":"https:\/\/api.w.org\/{rel}","templated":true}]}}