{"id":23289,"date":"2022-06-24T14:00:16","date_gmt":"2022-06-24T12:00:16","guid":{"rendered":"http:\/\/www.hapy-com.fr\/echoppe\/product\/sac-a-dos-sterilisateur-uv-kraps\/"},"modified":"2022-06-24T14:00:16","modified_gmt":"2022-06-24T12:00:16","slug":"sac-a-dos-sterilisateur-uv-kraps","status":"publish","type":"product","link":"https:\/\/www.hapy-com.fr\/echoppe\/product\/sac-a-dos-sterilisateur-uv-kraps\/","title":{"rendered":"Sac \u00e0 Dos St\u00e9rilisateur UV Kraps"},"content":{"rendered":"<p>Sac \u00e0 dos en polyester robuste 600D avec poche de st\u00e9rilisation uv int\u00e9gr\u00e9e et sp\u00e9cialement con\u00e7u pour l\u2019\u00e9limination des micro-organismes et des bact\u00e9ries dans les smartphones et autres objets du quotidien.   Fabrication robuste en polyester 600D, avec une multitude de poches ext\u00e9rieures et poches int\u00e9rieures rembourr\u00e9es pour les ordinateurs portables jusqu\u2019\u00e0 15 pouces et tablette jusqu\u2019\u00e0 10 pouces. Avec connexion USB, c\u00e2ble inclus.   Manuel d\u2019utilisation disponible en espagnol et en anglais. Certification ce, rohs et efficacit\u00e9 germicide disponible.  Pour une utilisation correcte du produit, \u00e9vitez tout contact avec la peau et les yeux.<\/p>\n","protected":false},"excerpt":{"rendered":"<p>Sac \u00e0 dos en polyester robuste 600D avec poche de st\u00e9rilisation uv int\u00e9gr\u00e9e et sp\u00e9cialement con\u00e7u pour l\u2019\u00e9limination des micro-organismes et des bact\u00e9ries dans les smartphones et autres objets du&#8230;<\/p>\n","protected":false},"featured_media":23287,"template":"","meta":[],"product_cat":[338],"product_tag":[],"class_list":{"0":"post-23289","1":"product","2":"type-product","3":"status-publish","4":"has-post-thumbnail","6":"product_cat-voyage-bagagerie","8":"first","9":"instock","10":"shipping-taxable","11":"purchasable","12":"product-type-simple"},"_links":{"self":[{"href":"https:\/\/www.hapy-com.fr\/echoppe\/wp-json\/wp\/v2\/product\/23289","targetHints":{"allow":["GET"]}}],"collection":[{"href":"https:\/\/www.hapy-com.fr\/echoppe\/wp-json\/wp\/v2\/product"}],"about":[{"href":"https:\/\/www.hapy-com.fr\/echoppe\/wp-json\/wp\/v2\/types\/product"}],"wp:featuredmedia":[{"embeddable":true,"href":"https:\/\/www.hapy-com.fr\/echoppe\/wp-json\/wp\/v2\/media\/23287"}],"wp:attachment":[{"href":"https:\/\/www.hapy-com.fr\/echoppe\/wp-json\/wp\/v2\/media?parent=23289"}],"wp:term":[{"taxonomy":"product_cat","embeddable":true,"href":"https:\/\/www.hapy-com.fr\/echoppe\/wp-json\/wp\/v2\/product_cat?post=23289"},{"taxonomy":"product_tag","embeddable":true,"href":"https:\/\/www.hapy-com.fr\/echoppe\/wp-json\/wp\/v2\/product_tag?post=23289"}],"curies":[{"name":"wp","href":"https:\/\/api.w.org\/{rel}","templated":true}]}}