{"id":23317,"date":"2022-06-24T14:00:34","date_gmt":"2022-06-24T12:00:34","guid":{"rendered":"http:\/\/www.hapy-com.fr\/echoppe\/product\/sac-melbor-3\/"},"modified":"2022-06-24T14:00:34","modified_gmt":"2022-06-24T12:00:34","slug":"sac-melbor-3","status":"publish","type":"product","link":"https:\/\/www.hapy-com.fr\/echoppe\/product\/sac-melbor-3\/","title":{"rendered":"Sac Melbor"},"content":{"rendered":"<p>Sac polyvalent de grande capacit\u00e9 en polyester 600D durable. Conception en deux couleurs, avec base grise et d\u00e9tails. Compartiment principal et poches lat\u00e9rales avec fermeture \u00e9clair. Poign\u00e9es de transport en nylon r\u00e9sistantes, avec fixation velcro pour correspondre. Inclus la sangle r\u00e9glable de corps crois\u00e9 avec la fermeture de carabiner et le tampon assorti de protection d\u2019\u00e9paule. Base renforc\u00e9e.<\/p>\n","protected":false},"excerpt":{"rendered":"<p>Sac polyvalent de grande capacit\u00e9 en polyester 600D durable. Conception en deux couleurs, avec base grise et d\u00e9tails. Compartiment principal et poches lat\u00e9rales avec fermeture \u00e9clair. Poign\u00e9es de transport en&#8230;<\/p>\n","protected":false},"featured_media":23316,"template":"","meta":[],"product_cat":[338],"product_tag":[],"class_list":{"0":"post-23317","1":"product","2":"type-product","3":"status-publish","4":"has-post-thumbnail","6":"product_cat-voyage-bagagerie","8":"first","9":"instock","10":"shipping-taxable","11":"purchasable","12":"product-type-simple"},"_links":{"self":[{"href":"https:\/\/www.hapy-com.fr\/echoppe\/wp-json\/wp\/v2\/product\/23317","targetHints":{"allow":["GET"]}}],"collection":[{"href":"https:\/\/www.hapy-com.fr\/echoppe\/wp-json\/wp\/v2\/product"}],"about":[{"href":"https:\/\/www.hapy-com.fr\/echoppe\/wp-json\/wp\/v2\/types\/product"}],"wp:featuredmedia":[{"embeddable":true,"href":"https:\/\/www.hapy-com.fr\/echoppe\/wp-json\/wp\/v2\/media\/23316"}],"wp:attachment":[{"href":"https:\/\/www.hapy-com.fr\/echoppe\/wp-json\/wp\/v2\/media?parent=23317"}],"wp:term":[{"taxonomy":"product_cat","embeddable":true,"href":"https:\/\/www.hapy-com.fr\/echoppe\/wp-json\/wp\/v2\/product_cat?post=23317"},{"taxonomy":"product_tag","embeddable":true,"href":"https:\/\/www.hapy-com.fr\/echoppe\/wp-json\/wp\/v2\/product_tag?post=23317"}],"curies":[{"name":"wp","href":"https:\/\/api.w.org\/{rel}","templated":true}]}}