{"id":23338,"date":"2022-06-24T14:00:54","date_gmt":"2022-06-24T12:00:54","guid":{"rendered":"http:\/\/www.hapy-com.fr\/echoppe\/product\/sac-a-dos-fenin-5\/"},"modified":"2022-06-24T14:00:54","modified_gmt":"2022-06-24T12:00:54","slug":"sac-a-dos-fenin-5","status":"publish","type":"product","link":"https:\/\/www.hapy-com.fr\/echoppe\/product\/sac-a-dos-fenin-5\/","title":{"rendered":"Sac \u00e0 Dos Fenin"},"content":{"rendered":"<p>Sac \u00e0 dos de corde de ligne naturelle, dans le coton recycl\u00e9 140g\/m2 r\u00e9sistant, avec 70 cm portant des poign\u00e9es pour assortir. Cordes en coton brut avec anneaux m\u00e9talliques renforc\u00e9s et coton recycl\u00e9 marqu\u00e9 distinctif. Disponible dans une large gamme de couleurs. R\u00e9sistance jusqu\u2019\u00e0 9kg de poids.<\/p>\n","protected":false},"excerpt":{"rendered":"<p>Sac \u00e0 dos de corde de ligne naturelle, dans le coton recycl\u00e9 140g\/m2 r\u00e9sistant, avec 70 cm portant des poign\u00e9es pour assortir. Cordes en coton brut avec anneaux m\u00e9talliques renforc\u00e9s&#8230;<\/p>\n","protected":false},"featured_media":23337,"template":"","meta":[],"product_cat":[338],"product_tag":[],"class_list":{"0":"post-23338","1":"product","2":"type-product","3":"status-publish","4":"has-post-thumbnail","6":"product_cat-voyage-bagagerie","8":"first","9":"instock","10":"shipping-taxable","11":"purchasable","12":"product-type-simple"},"_links":{"self":[{"href":"https:\/\/www.hapy-com.fr\/echoppe\/wp-json\/wp\/v2\/product\/23338","targetHints":{"allow":["GET"]}}],"collection":[{"href":"https:\/\/www.hapy-com.fr\/echoppe\/wp-json\/wp\/v2\/product"}],"about":[{"href":"https:\/\/www.hapy-com.fr\/echoppe\/wp-json\/wp\/v2\/types\/product"}],"wp:featuredmedia":[{"embeddable":true,"href":"https:\/\/www.hapy-com.fr\/echoppe\/wp-json\/wp\/v2\/media\/23337"}],"wp:attachment":[{"href":"https:\/\/www.hapy-com.fr\/echoppe\/wp-json\/wp\/v2\/media?parent=23338"}],"wp:term":[{"taxonomy":"product_cat","embeddable":true,"href":"https:\/\/www.hapy-com.fr\/echoppe\/wp-json\/wp\/v2\/product_cat?post=23338"},{"taxonomy":"product_tag","embeddable":true,"href":"https:\/\/www.hapy-com.fr\/echoppe\/wp-json\/wp\/v2\/product_tag?post=23338"}],"curies":[{"name":"wp","href":"https:\/\/api.w.org\/{rel}","templated":true}]}}