{"id":23419,"date":"2022-06-24T14:02:10","date_gmt":"2022-06-24T12:02:10","guid":{"rendered":"http:\/\/www.hapy-com.fr\/echoppe\/product\/sac-a-dos-discovery-13\/"},"modified":"2022-07-05T23:46:20","modified_gmt":"2022-07-05T21:46:20","slug":"sac-a-dos-discovery-13","status":"publish","type":"product","link":"https:\/\/www.hapy-com.fr\/echoppe\/product\/sac-a-dos-discovery-13\/","title":{"rendered":"Sac \u00e0 Dos Discovery"},"content":{"rendered":"<p>Sac \u00e0 dos robuste en polyester 600D propos\u00e9 dans une large gamme de couleurs. Fermeture zipp\u00e9e avec tire-zip pour faciliter l\u00b4ouverture et poche sur le devant. Coins renforc\u00e9s et accessoires de couleur noire. Dos et bretelles r\u00e9glables matelass\u00e9s.<\/p>\n","protected":false},"excerpt":{"rendered":"<p>Sac \u00e0 dos robuste en polyester 600D propos\u00e9 dans une large gamme de couleurs. Fermeture zipp\u00e9e avec tire-zip pour faciliter l\u00b4ouverture et poche sur le devant. Coins renforc\u00e9s et accessoires&#8230;<\/p>\n","protected":false},"featured_media":23418,"template":"","meta":[],"product_cat":[466,338],"product_tag":[],"class_list":{"0":"post-23419","1":"product","2":"type-product","3":"status-publish","4":"has-post-thumbnail","6":"product_cat-sac-ete-et-plage","7":"product_cat-voyage-bagagerie","9":"first","10":"instock","11":"shipping-taxable","12":"purchasable","13":"product-type-simple"},"_links":{"self":[{"href":"https:\/\/www.hapy-com.fr\/echoppe\/wp-json\/wp\/v2\/product\/23419","targetHints":{"allow":["GET"]}}],"collection":[{"href":"https:\/\/www.hapy-com.fr\/echoppe\/wp-json\/wp\/v2\/product"}],"about":[{"href":"https:\/\/www.hapy-com.fr\/echoppe\/wp-json\/wp\/v2\/types\/product"}],"wp:featuredmedia":[{"embeddable":true,"href":"https:\/\/www.hapy-com.fr\/echoppe\/wp-json\/wp\/v2\/media\/23418"}],"wp:attachment":[{"href":"https:\/\/www.hapy-com.fr\/echoppe\/wp-json\/wp\/v2\/media?parent=23419"}],"wp:term":[{"taxonomy":"product_cat","embeddable":true,"href":"https:\/\/www.hapy-com.fr\/echoppe\/wp-json\/wp\/v2\/product_cat?post=23419"},{"taxonomy":"product_tag","embeddable":true,"href":"https:\/\/www.hapy-com.fr\/echoppe\/wp-json\/wp\/v2\/product_tag?post=23419"}],"curies":[{"name":"wp","href":"https:\/\/api.w.org\/{rel}","templated":true}]}}