{"id":23444,"date":"2022-06-24T14:02:30","date_gmt":"2022-06-24T12:02:30","guid":{"rendered":"http:\/\/www.hapy-com.fr\/echoppe\/product\/banane-crown\/"},"modified":"2022-06-24T14:02:30","modified_gmt":"2022-06-24T12:02:30","slug":"banane-crown","status":"publish","type":"product","link":"https:\/\/www.hapy-com.fr\/echoppe\/product\/banane-crown\/","title":{"rendered":"Banane Crown"},"content":{"rendered":"<p>Sac banane en polyester 420D r\u00e9sistant disponible en diff\u00e9rentes couleurs. Avec 4 poches zipp\u00e9es et clip r\u00e9glable pour la ceinture. Con\u00e7u pour le sport et les loisirs.<\/p>\n","protected":false},"excerpt":{"rendered":"<p>Sac banane en polyester 420D r\u00e9sistant disponible en diff\u00e9rentes couleurs. Avec 4 poches zipp\u00e9es et clip r\u00e9glable pour la ceinture. Con\u00e7u pour le sport et les loisirs.<\/p>\n","protected":false},"featured_media":23443,"template":"","meta":[],"product_cat":[338],"product_tag":[],"class_list":{"0":"post-23444","1":"product","2":"type-product","3":"status-publish","4":"has-post-thumbnail","6":"product_cat-voyage-bagagerie","8":"first","9":"instock","10":"shipping-taxable","11":"purchasable","12":"product-type-simple"},"_links":{"self":[{"href":"https:\/\/www.hapy-com.fr\/echoppe\/wp-json\/wp\/v2\/product\/23444","targetHints":{"allow":["GET"]}}],"collection":[{"href":"https:\/\/www.hapy-com.fr\/echoppe\/wp-json\/wp\/v2\/product"}],"about":[{"href":"https:\/\/www.hapy-com.fr\/echoppe\/wp-json\/wp\/v2\/types\/product"}],"wp:featuredmedia":[{"embeddable":true,"href":"https:\/\/www.hapy-com.fr\/echoppe\/wp-json\/wp\/v2\/media\/23443"}],"wp:attachment":[{"href":"https:\/\/www.hapy-com.fr\/echoppe\/wp-json\/wp\/v2\/media?parent=23444"}],"wp:term":[{"taxonomy":"product_cat","embeddable":true,"href":"https:\/\/www.hapy-com.fr\/echoppe\/wp-json\/wp\/v2\/product_cat?post=23444"},{"taxonomy":"product_tag","embeddable":true,"href":"https:\/\/www.hapy-com.fr\/echoppe\/wp-json\/wp\/v2\/product_tag?post=23444"}],"curies":[{"name":"wp","href":"https:\/\/api.w.org\/{rel}","templated":true}]}}