{"id":23547,"date":"2022-06-24T14:04:13","date_gmt":"2022-06-24T12:04:13","guid":{"rendered":"http:\/\/www.hapy-com.fr\/echoppe\/product\/parapluie-elmer-2\/"},"modified":"2022-06-24T14:04:13","modified_gmt":"2022-06-24T12:04:13","slug":"parapluie-elmer-2","status":"publish","type":"product","link":"https:\/\/www.hapy-com.fr\/echoppe\/product\/parapluie-elmer-2\/","title":{"rendered":"Parapluie Elmer"},"content":{"rendered":"<p>Parapluie pliable de 8 panneaux propos\u00e9 en coloris sobres. 100cm de diam\u00e8tre, avec ouverture automatique, en pong\u00e9e r\u00e9sistante . Baleines m\u00e9talliques noires, fermeture par velcro et poign\u00e9e ergonomique en EVA avec dragonne de transport. Pr\u00e9sent\u00e9 dans une housse individuelle assortie \u00e0 la dragonne de transport. Fermeture avec accessoire de r\u00e9glage.<\/p>\n","protected":false},"excerpt":{"rendered":"<p>Parapluie pliable de 8 panneaux propos\u00e9 en coloris sobres. 100cm de diam\u00e8tre, avec ouverture automatique, en pong\u00e9e r\u00e9sistante . Baleines m\u00e9talliques noires, fermeture par velcro et poign\u00e9e ergonomique en EVA&#8230;<\/p>\n","protected":false},"featured_media":23545,"template":"","meta":[],"product_cat":[361],"product_tag":[],"class_list":{"0":"post-23547","1":"product","2":"type-product","3":"status-publish","4":"has-post-thumbnail","6":"product_cat-pluie-et-froid","8":"first","9":"instock","10":"shipping-taxable","11":"purchasable","12":"product-type-simple"},"_links":{"self":[{"href":"https:\/\/www.hapy-com.fr\/echoppe\/wp-json\/wp\/v2\/product\/23547","targetHints":{"allow":["GET"]}}],"collection":[{"href":"https:\/\/www.hapy-com.fr\/echoppe\/wp-json\/wp\/v2\/product"}],"about":[{"href":"https:\/\/www.hapy-com.fr\/echoppe\/wp-json\/wp\/v2\/types\/product"}],"wp:featuredmedia":[{"embeddable":true,"href":"https:\/\/www.hapy-com.fr\/echoppe\/wp-json\/wp\/v2\/media\/23545"}],"wp:attachment":[{"href":"https:\/\/www.hapy-com.fr\/echoppe\/wp-json\/wp\/v2\/media?parent=23547"}],"wp:term":[{"taxonomy":"product_cat","embeddable":true,"href":"https:\/\/www.hapy-com.fr\/echoppe\/wp-json\/wp\/v2\/product_cat?post=23547"},{"taxonomy":"product_tag","embeddable":true,"href":"https:\/\/www.hapy-com.fr\/echoppe\/wp-json\/wp\/v2\/product_tag?post=23547"}],"curies":[{"name":"wp","href":"https:\/\/api.w.org\/{rel}","templated":true}]}}