{"id":23576,"date":"2022-06-24T14:04:36","date_gmt":"2022-06-24T12:04:36","guid":{"rendered":"http:\/\/www.hapy-com.fr\/echoppe\/product\/parapluie-dropex\/"},"modified":"2022-06-24T14:04:36","modified_gmt":"2022-06-24T12:04:36","slug":"parapluie-dropex","status":"publish","type":"product","link":"https:\/\/www.hapy-com.fr\/echoppe\/product\/parapluie-dropex\/","title":{"rendered":"Parapluie Dropex"},"content":{"rendered":"<p>Parapluie \u00e0 8 panneaux dans une gamme vari\u00e9e de coloris vifs. 105 cm de diam\u00e8tre, avec ouverture automatique. Polyester r\u00e9sistant. Avec baleines m\u00e9talliques noires, fermeture par velcro et manche doux en EVA assorti aux accessoires noirs.<\/p>\n","protected":false},"excerpt":{"rendered":"<p>Parapluie \u00e0 8 panneaux dans une gamme vari\u00e9e de coloris vifs. 105 cm de diam\u00e8tre, avec ouverture automatique. Polyester r\u00e9sistant. Avec baleines m\u00e9talliques noires, fermeture par velcro et manche doux&#8230;<\/p>\n","protected":false},"featured_media":23574,"template":"","meta":[],"product_cat":[361],"product_tag":[],"class_list":{"0":"post-23576","1":"product","2":"type-product","3":"status-publish","4":"has-post-thumbnail","6":"product_cat-pluie-et-froid","8":"first","9":"instock","10":"shipping-taxable","11":"purchasable","12":"product-type-simple"},"_links":{"self":[{"href":"https:\/\/www.hapy-com.fr\/echoppe\/wp-json\/wp\/v2\/product\/23576","targetHints":{"allow":["GET"]}}],"collection":[{"href":"https:\/\/www.hapy-com.fr\/echoppe\/wp-json\/wp\/v2\/product"}],"about":[{"href":"https:\/\/www.hapy-com.fr\/echoppe\/wp-json\/wp\/v2\/types\/product"}],"wp:featuredmedia":[{"embeddable":true,"href":"https:\/\/www.hapy-com.fr\/echoppe\/wp-json\/wp\/v2\/media\/23574"}],"wp:attachment":[{"href":"https:\/\/www.hapy-com.fr\/echoppe\/wp-json\/wp\/v2\/media?parent=23576"}],"wp:term":[{"taxonomy":"product_cat","embeddable":true,"href":"https:\/\/www.hapy-com.fr\/echoppe\/wp-json\/wp\/v2\/product_cat?post=23576"},{"taxonomy":"product_tag","embeddable":true,"href":"https:\/\/www.hapy-com.fr\/echoppe\/wp-json\/wp\/v2\/product_tag?post=23576"}],"curies":[{"name":"wp","href":"https:\/\/api.w.org\/{rel}","templated":true}]}}