{"id":23633,"date":"2022-06-24T14:05:19","date_gmt":"2022-06-24T12:05:19","guid":{"rendered":"http:\/\/www.hapy-com.fr\/echoppe\/product\/tour-de-cou-nostal-4\/"},"modified":"2022-06-24T14:05:19","modified_gmt":"2022-06-24T12:05:19","slug":"tour-de-cou-nostal-4","status":"publish","type":"product","link":"https:\/\/www.hapy-com.fr\/echoppe\/product\/tour-de-cou-nostal-4\/","title":{"rendered":"Tour de Cou Nostal"},"content":{"rendered":"<p>Cache cou de haute qualit\u00e9 pour collier en tissu polaire de 200 g \/ m2 avec traitement anti-boulochage. Dans une vari\u00e9t\u00e9 de couleurs et avec fermeture \u00e0 glissi\u00e8re r\u00e9glable assortie.<\/p>\n","protected":false},"excerpt":{"rendered":"<p>Cache cou de haute qualit\u00e9 pour collier en tissu polaire de 200 g \/ m2 avec traitement anti-boulochage. Dans une vari\u00e9t\u00e9 de couleurs et avec fermeture \u00e0 glissi\u00e8re r\u00e9glable assortie.<\/p>\n","protected":false},"featured_media":23632,"template":"","meta":[],"product_cat":[361],"product_tag":[],"class_list":{"0":"post-23633","1":"product","2":"type-product","3":"status-publish","4":"has-post-thumbnail","6":"product_cat-pluie-et-froid","8":"first","9":"instock","10":"shipping-taxable","11":"purchasable","12":"product-type-simple"},"_links":{"self":[{"href":"https:\/\/www.hapy-com.fr\/echoppe\/wp-json\/wp\/v2\/product\/23633","targetHints":{"allow":["GET"]}}],"collection":[{"href":"https:\/\/www.hapy-com.fr\/echoppe\/wp-json\/wp\/v2\/product"}],"about":[{"href":"https:\/\/www.hapy-com.fr\/echoppe\/wp-json\/wp\/v2\/types\/product"}],"wp:featuredmedia":[{"embeddable":true,"href":"https:\/\/www.hapy-com.fr\/echoppe\/wp-json\/wp\/v2\/media\/23632"}],"wp:attachment":[{"href":"https:\/\/www.hapy-com.fr\/echoppe\/wp-json\/wp\/v2\/media?parent=23633"}],"wp:term":[{"taxonomy":"product_cat","embeddable":true,"href":"https:\/\/www.hapy-com.fr\/echoppe\/wp-json\/wp\/v2\/product_cat?post=23633"},{"taxonomy":"product_tag","embeddable":true,"href":"https:\/\/www.hapy-com.fr\/echoppe\/wp-json\/wp\/v2\/product_tag?post=23633"}],"curies":[{"name":"wp","href":"https:\/\/api.w.org\/{rel}","templated":true}]}}