{"id":23819,"date":"2022-06-24T14:08:15","date_gmt":"2022-06-24T12:08:15","guid":{"rendered":"http:\/\/www.hapy-com.fr\/echoppe\/product\/parapluie-santy-8\/"},"modified":"2022-06-24T14:08:15","modified_gmt":"2022-06-24T12:08:15","slug":"parapluie-santy-8","status":"publish","type":"product","link":"https:\/\/www.hapy-com.fr\/echoppe\/product\/parapluie-santy-8\/","title":{"rendered":"Parapluie Santy"},"content":{"rendered":"<p>Parapluies de 8 panneaux dans une gamme vari\u00e9e de couleurs vives. 105cm de diam\u00e8tre, ouverture manuelle et polyester r\u00e9sistant. Avec des tiges m\u00e9talliques noires, une fermeture velcro et un manche en bois souple de couleur naturelle.<\/p>\n","protected":false},"excerpt":{"rendered":"<p>Parapluies de 8 panneaux dans une gamme vari\u00e9e de couleurs vives. 105cm de diam\u00e8tre, ouverture manuelle et polyester r\u00e9sistant. Avec des tiges m\u00e9talliques noires, une fermeture velcro et un manche&#8230;<\/p>\n","protected":false},"featured_media":23818,"template":"","meta":[],"product_cat":[361],"product_tag":[],"class_list":{"0":"post-23819","1":"product","2":"type-product","3":"status-publish","4":"has-post-thumbnail","6":"product_cat-pluie-et-froid","8":"first","9":"instock","10":"shipping-taxable","11":"purchasable","12":"product-type-simple"},"_links":{"self":[{"href":"https:\/\/www.hapy-com.fr\/echoppe\/wp-json\/wp\/v2\/product\/23819","targetHints":{"allow":["GET"]}}],"collection":[{"href":"https:\/\/www.hapy-com.fr\/echoppe\/wp-json\/wp\/v2\/product"}],"about":[{"href":"https:\/\/www.hapy-com.fr\/echoppe\/wp-json\/wp\/v2\/types\/product"}],"wp:featuredmedia":[{"embeddable":true,"href":"https:\/\/www.hapy-com.fr\/echoppe\/wp-json\/wp\/v2\/media\/23818"}],"wp:attachment":[{"href":"https:\/\/www.hapy-com.fr\/echoppe\/wp-json\/wp\/v2\/media?parent=23819"}],"wp:term":[{"taxonomy":"product_cat","embeddable":true,"href":"https:\/\/www.hapy-com.fr\/echoppe\/wp-json\/wp\/v2\/product_cat?post=23819"},{"taxonomy":"product_tag","embeddable":true,"href":"https:\/\/www.hapy-com.fr\/echoppe\/wp-json\/wp\/v2\/product_tag?post=23819"}],"curies":[{"name":"wp","href":"https:\/\/api.w.org\/{rel}","templated":true}]}}