{"id":23904,"date":"2022-06-24T14:09:19","date_gmt":"2022-06-24T12:09:19","guid":{"rendered":"http:\/\/www.hapy-com.fr\/echoppe\/product\/bouteille-doseur-taxlen\/"},"modified":"2022-06-24T14:09:19","modified_gmt":"2022-06-24T12:09:19","slug":"bouteille-doseur-taxlen","status":"publish","type":"product","link":"https:\/\/www.hapy-com.fr\/echoppe\/product\/bouteille-doseur-taxlen\/","title":{"rendered":"Bouteille Doseur Taxlen"},"content":{"rendered":"<p>Doseur de 300 ml pour animaux de compagnie en PP robuste. Avec bouchon \u00e0 vis pour \u00e9viter le d\u00e9versement de liquide. Convient pour pr\u00e9server l\u00b4environnement des d\u00e9chets et respecter la r\u00e9glementation.<\/p>\n","protected":false},"excerpt":{"rendered":"<p>Doseur de 300 ml pour animaux de compagnie en PP robuste. Avec bouchon \u00e0 vis pour \u00e9viter le d\u00e9versement de liquide. Convient pour pr\u00e9server l\u00b4environnement des d\u00e9chets et respecter la&#8230;<\/p>\n","protected":false},"featured_media":23903,"template":"","meta":[],"product_cat":[362],"product_tag":[],"class_list":{"0":"post-23904","1":"product","2":"type-product","3":"status-publish","4":"has-post-thumbnail","6":"product_cat-produits-pour-animaux","8":"first","9":"instock","10":"shipping-taxable","11":"purchasable","12":"product-type-simple"},"_links":{"self":[{"href":"https:\/\/www.hapy-com.fr\/echoppe\/wp-json\/wp\/v2\/product\/23904","targetHints":{"allow":["GET"]}}],"collection":[{"href":"https:\/\/www.hapy-com.fr\/echoppe\/wp-json\/wp\/v2\/product"}],"about":[{"href":"https:\/\/www.hapy-com.fr\/echoppe\/wp-json\/wp\/v2\/types\/product"}],"wp:featuredmedia":[{"embeddable":true,"href":"https:\/\/www.hapy-com.fr\/echoppe\/wp-json\/wp\/v2\/media\/23903"}],"wp:attachment":[{"href":"https:\/\/www.hapy-com.fr\/echoppe\/wp-json\/wp\/v2\/media?parent=23904"}],"wp:term":[{"taxonomy":"product_cat","embeddable":true,"href":"https:\/\/www.hapy-com.fr\/echoppe\/wp-json\/wp\/v2\/product_cat?post=23904"},{"taxonomy":"product_tag","embeddable":true,"href":"https:\/\/www.hapy-com.fr\/echoppe\/wp-json\/wp\/v2\/product_tag?post=23904"}],"curies":[{"name":"wp","href":"https:\/\/api.w.org\/{rel}","templated":true}]}}