{"id":23954,"date":"2022-06-24T14:10:00","date_gmt":"2022-06-24T12:10:00","guid":{"rendered":"http:\/\/www.hapy-com.fr\/echoppe\/product\/collier-bandana-bipols\/"},"modified":"2022-06-24T14:10:00","modified_gmt":"2022-06-24T12:10:00","slug":"collier-bandana-bipols","status":"publish","type":"product","link":"https:\/\/www.hapy-com.fr\/echoppe\/product\/collier-bandana-bipols\/","title":{"rendered":"Collier Bandana Bipols"},"content":{"rendered":"<p>Collier bandana r\u00e9fl\u00e9chissant pour animaux, en polyester haute visibilit\u00e9 r\u00e9sistant et doux. Bande r\u00e9fl\u00e9chissante, sangle r\u00e9glable avec clip de fermeture et accessoire m\u00e9tallique pour passage de sangle.<\/p>\n","protected":false},"excerpt":{"rendered":"<p>Collier bandana r\u00e9fl\u00e9chissant pour animaux, en polyester haute visibilit\u00e9 r\u00e9sistant et doux. Bande r\u00e9fl\u00e9chissante, sangle r\u00e9glable avec clip de fermeture et accessoire m\u00e9tallique pour passage de sangle.<\/p>\n","protected":false},"featured_media":23953,"template":"","meta":[],"product_cat":[362],"product_tag":[],"class_list":{"0":"post-23954","1":"product","2":"type-product","3":"status-publish","4":"has-post-thumbnail","6":"product_cat-produits-pour-animaux","8":"first","9":"instock","10":"shipping-taxable","11":"purchasable","12":"product-type-simple"},"_links":{"self":[{"href":"https:\/\/www.hapy-com.fr\/echoppe\/wp-json\/wp\/v2\/product\/23954","targetHints":{"allow":["GET"]}}],"collection":[{"href":"https:\/\/www.hapy-com.fr\/echoppe\/wp-json\/wp\/v2\/product"}],"about":[{"href":"https:\/\/www.hapy-com.fr\/echoppe\/wp-json\/wp\/v2\/types\/product"}],"wp:featuredmedia":[{"embeddable":true,"href":"https:\/\/www.hapy-com.fr\/echoppe\/wp-json\/wp\/v2\/media\/23953"}],"wp:attachment":[{"href":"https:\/\/www.hapy-com.fr\/echoppe\/wp-json\/wp\/v2\/media?parent=23954"}],"wp:term":[{"taxonomy":"product_cat","embeddable":true,"href":"https:\/\/www.hapy-com.fr\/echoppe\/wp-json\/wp\/v2\/product_cat?post=23954"},{"taxonomy":"product_tag","embeddable":true,"href":"https:\/\/www.hapy-com.fr\/echoppe\/wp-json\/wp\/v2\/product_tag?post=23954"}],"curies":[{"name":"wp","href":"https:\/\/api.w.org\/{rel}","templated":true}]}}