{"id":24276,"date":"2022-06-24T14:14:54","date_gmt":"2022-06-24T12:14:54","guid":{"rendered":"http:\/\/www.hapy-com.fr\/echoppe\/product\/sac-pliable-austen\/"},"modified":"2022-06-24T14:14:54","modified_gmt":"2022-06-24T12:14:54","slug":"sac-pliable-austen","status":"publish","type":"product","link":"https:\/\/www.hapy-com.fr\/echoppe\/product\/sac-pliable-austen\/","title":{"rendered":"Sac Pliable Austen"},"content":{"rendered":"<p>Sac pliable en intiss\u00e9 de 90g\/m2. Gamme vari\u00e9e de couleurs vives. Avec poign\u00e9es moyennes de 56 cm, fermeture \u00e0 rabat avec bouton assorti, soufflets renforc\u00e9s avec passepoil et finition cousue. Pliage de petite taille et r\u00e9sistance au poids jusqu\u2019\u00e0 9kg.<\/p>\n","protected":false},"excerpt":{"rendered":"<p>Sac pliable en intiss\u00e9 de 90g\/m2. Gamme vari\u00e9e de couleurs vives. Avec poign\u00e9es moyennes de 56 cm, fermeture \u00e0 rabat avec bouton assorti, soufflets renforc\u00e9s avec passepoil et finition cousue&#8230;.<\/p>\n","protected":false},"featured_media":24274,"template":"","meta":[],"product_cat":[363],"product_tag":[],"class_list":{"0":"post-24276","1":"product","2":"type-product","3":"status-publish","4":"has-post-thumbnail","6":"product_cat-sacs-et-bagages","8":"first","9":"instock","10":"shipping-taxable","11":"purchasable","12":"product-type-simple"},"_links":{"self":[{"href":"https:\/\/www.hapy-com.fr\/echoppe\/wp-json\/wp\/v2\/product\/24276","targetHints":{"allow":["GET"]}}],"collection":[{"href":"https:\/\/www.hapy-com.fr\/echoppe\/wp-json\/wp\/v2\/product"}],"about":[{"href":"https:\/\/www.hapy-com.fr\/echoppe\/wp-json\/wp\/v2\/types\/product"}],"wp:featuredmedia":[{"embeddable":true,"href":"https:\/\/www.hapy-com.fr\/echoppe\/wp-json\/wp\/v2\/media\/24274"}],"wp:attachment":[{"href":"https:\/\/www.hapy-com.fr\/echoppe\/wp-json\/wp\/v2\/media?parent=24276"}],"wp:term":[{"taxonomy":"product_cat","embeddable":true,"href":"https:\/\/www.hapy-com.fr\/echoppe\/wp-json\/wp\/v2\/product_cat?post=24276"},{"taxonomy":"product_tag","embeddable":true,"href":"https:\/\/www.hapy-com.fr\/echoppe\/wp-json\/wp\/v2\/product_tag?post=24276"}],"curies":[{"name":"wp","href":"https:\/\/api.w.org\/{rel}","templated":true}]}}