{"id":24365,"date":"2022-06-24T14:16:17","date_gmt":"2022-06-24T12:16:17","guid":{"rendered":"http:\/\/www.hapy-com.fr\/echoppe\/product\/set-sacs-lopack\/"},"modified":"2022-06-24T14:16:17","modified_gmt":"2022-06-24T12:16:17","slug":"set-sacs-lopack","status":"publish","type":"product","link":"https:\/\/www.hapy-com.fr\/echoppe\/product\/set-sacs-lopack\/","title":{"rendered":"Set Sacs Lopack"},"content":{"rendered":"<p>Ensemble de 3 sacs pour recyclage jaune-vert et bleu en PP tiss\u00e9 lamin\u00e9 de 125g\/m2, finition brillante. Comprend 3 sacs de 23 x 45 x 23 cm reli\u00e9s entre eux par de solides velcro lat\u00e9raux. Avec poign\u00e9es renforc\u00e9es et \u00e9tiquette du type de r\u00e9sidu: plastique et emballages, verre et papier.<\/p>\n","protected":false},"excerpt":{"rendered":"<p>Ensemble de 3 sacs pour recyclage jaune-vert et bleu en PP tiss\u00e9 lamin\u00e9 de 125g\/m2, finition brillante. Comprend 3 sacs de 23 x 45 x 23 cm reli\u00e9s entre eux&#8230;<\/p>\n","protected":false},"featured_media":24364,"template":"","meta":[],"product_cat":[363],"product_tag":[],"class_list":{"0":"post-24365","1":"product","2":"type-product","3":"status-publish","4":"has-post-thumbnail","6":"product_cat-sacs-et-bagages","8":"first","9":"instock","10":"shipping-taxable","11":"purchasable","12":"product-type-simple"},"_links":{"self":[{"href":"https:\/\/www.hapy-com.fr\/echoppe\/wp-json\/wp\/v2\/product\/24365","targetHints":{"allow":["GET"]}}],"collection":[{"href":"https:\/\/www.hapy-com.fr\/echoppe\/wp-json\/wp\/v2\/product"}],"about":[{"href":"https:\/\/www.hapy-com.fr\/echoppe\/wp-json\/wp\/v2\/types\/product"}],"wp:featuredmedia":[{"embeddable":true,"href":"https:\/\/www.hapy-com.fr\/echoppe\/wp-json\/wp\/v2\/media\/24364"}],"wp:attachment":[{"href":"https:\/\/www.hapy-com.fr\/echoppe\/wp-json\/wp\/v2\/media?parent=24365"}],"wp:term":[{"taxonomy":"product_cat","embeddable":true,"href":"https:\/\/www.hapy-com.fr\/echoppe\/wp-json\/wp\/v2\/product_cat?post=24365"},{"taxonomy":"product_tag","embeddable":true,"href":"https:\/\/www.hapy-com.fr\/echoppe\/wp-json\/wp\/v2\/product_tag?post=24365"}],"curies":[{"name":"wp","href":"https:\/\/api.w.org\/{rel}","templated":true}]}}