{"id":24660,"date":"2022-06-24T14:20:50","date_gmt":"2022-06-24T12:20:50","guid":{"rendered":"http:\/\/www.hapy-com.fr\/echoppe\/product\/sac-take-away\/"},"modified":"2022-06-24T14:20:50","modified_gmt":"2022-06-24T12:20:50","slug":"sac-take-away","status":"publish","type":"product","link":"https:\/\/www.hapy-com.fr\/echoppe\/product\/sac-take-away\/","title":{"rendered":"Sac Take Away"},"content":{"rendered":"<p>Sac en papier 80 g\/m2 avec soufflet et poign\u00e9es courtes renforc\u00e9es. Finition naturel. R\u00e9sistance jusqu\u00b4\u00e0 5 kg.<\/p>\n","protected":false},"excerpt":{"rendered":"<p>Sac en papier 80 g\/m2 avec soufflet et poign\u00e9es courtes renforc\u00e9es. Finition naturel. R\u00e9sistance jusqu\u00b4\u00e0 5 kg.<\/p>\n","protected":false},"featured_media":24658,"template":"","meta":[],"product_cat":[363],"product_tag":[],"class_list":{"0":"post-24660","1":"product","2":"type-product","3":"status-publish","4":"has-post-thumbnail","6":"product_cat-sacs-et-bagages","8":"first","9":"instock","10":"shipping-taxable","11":"purchasable","12":"product-type-simple"},"_links":{"self":[{"href":"https:\/\/www.hapy-com.fr\/echoppe\/wp-json\/wp\/v2\/product\/24660","targetHints":{"allow":["GET"]}}],"collection":[{"href":"https:\/\/www.hapy-com.fr\/echoppe\/wp-json\/wp\/v2\/product"}],"about":[{"href":"https:\/\/www.hapy-com.fr\/echoppe\/wp-json\/wp\/v2\/types\/product"}],"wp:featuredmedia":[{"embeddable":true,"href":"https:\/\/www.hapy-com.fr\/echoppe\/wp-json\/wp\/v2\/media\/24658"}],"wp:attachment":[{"href":"https:\/\/www.hapy-com.fr\/echoppe\/wp-json\/wp\/v2\/media?parent=24660"}],"wp:term":[{"taxonomy":"product_cat","embeddable":true,"href":"https:\/\/www.hapy-com.fr\/echoppe\/wp-json\/wp\/v2\/product_cat?post=24660"},{"taxonomy":"product_tag","embeddable":true,"href":"https:\/\/www.hapy-com.fr\/echoppe\/wp-json\/wp\/v2\/product_tag?post=24660"}],"curies":[{"name":"wp","href":"https:\/\/api.w.org\/{rel}","templated":true}]}}