{"id":24818,"date":"2022-06-24T14:23:12","date_gmt":"2022-06-24T12:23:12","guid":{"rendered":"http:\/\/www.hapy-com.fr\/echoppe\/product\/sac-rotin-3\/"},"modified":"2022-06-24T14:23:12","modified_gmt":"2022-06-24T12:23:12","slug":"sac-rotin-3","status":"publish","type":"product","link":"https:\/\/www.hapy-com.fr\/echoppe\/product\/sac-rotin-3\/","title":{"rendered":"Sac Rotin"},"content":{"rendered":"<p>Sac en jute et coton lamin\u00e9. Taille 39 x 31,5 + 16 cm, finition cousue et avec de longues anses renforc\u00e9es de 76 cm. R\u00e9sistance jusqu\u00b4\u00e0 12 kg.<\/p>\n","protected":false},"excerpt":{"rendered":"<p>Sac en jute et coton lamin\u00e9. Taille 39 x 31,5 + 16 cm, finition cousue et avec de longues anses renforc\u00e9es de 76 cm. R\u00e9sistance jusqu\u00b4\u00e0 12 kg.<\/p>\n","protected":false},"featured_media":24817,"template":"","meta":[],"product_cat":[363],"product_tag":[],"class_list":{"0":"post-24818","1":"product","2":"type-product","3":"status-publish","4":"has-post-thumbnail","6":"product_cat-sacs-et-bagages","8":"first","9":"instock","10":"shipping-taxable","11":"purchasable","12":"product-type-simple"},"_links":{"self":[{"href":"https:\/\/www.hapy-com.fr\/echoppe\/wp-json\/wp\/v2\/product\/24818","targetHints":{"allow":["GET"]}}],"collection":[{"href":"https:\/\/www.hapy-com.fr\/echoppe\/wp-json\/wp\/v2\/product"}],"about":[{"href":"https:\/\/www.hapy-com.fr\/echoppe\/wp-json\/wp\/v2\/types\/product"}],"wp:featuredmedia":[{"embeddable":true,"href":"https:\/\/www.hapy-com.fr\/echoppe\/wp-json\/wp\/v2\/media\/24817"}],"wp:attachment":[{"href":"https:\/\/www.hapy-com.fr\/echoppe\/wp-json\/wp\/v2\/media?parent=24818"}],"wp:term":[{"taxonomy":"product_cat","embeddable":true,"href":"https:\/\/www.hapy-com.fr\/echoppe\/wp-json\/wp\/v2\/product_cat?post=24818"},{"taxonomy":"product_tag","embeddable":true,"href":"https:\/\/www.hapy-com.fr\/echoppe\/wp-json\/wp\/v2\/product_tag?post=24818"}],"curies":[{"name":"wp","href":"https:\/\/api.w.org\/{rel}","templated":true}]}}