{"id":24887,"date":"2022-06-24T14:24:14","date_gmt":"2022-06-24T12:24:14","guid":{"rendered":"http:\/\/www.hapy-com.fr\/echoppe\/product\/sac-ramet\/"},"modified":"2022-06-24T14:24:14","modified_gmt":"2022-06-24T12:24:14","slug":"sac-ramet","status":"publish","type":"product","link":"https:\/\/www.hapy-com.fr\/echoppe\/product\/sac-ramet\/","title":{"rendered":"Sac Ramet"},"content":{"rendered":"<p>Sac de ligne naturelle en jute r\u00e9sistant (250g\/m2). Avec de longues poign\u00e9es de coton de couleur naturelle et renforc\u00e9es. Finition cousue, avec soufflet \u00e0 la base et r\u00e9sistance jusqu\u2019\u00e0 8kg de poids.<\/p>\n","protected":false},"excerpt":{"rendered":"<p>Sac de ligne naturelle en jute r\u00e9sistant (250g\/m2). Avec de longues poign\u00e9es de coton de couleur naturelle et renforc\u00e9es. Finition cousue, avec soufflet \u00e0 la base et r\u00e9sistance jusqu\u2019\u00e0 8kg&#8230;<\/p>\n","protected":false},"featured_media":24885,"template":"","meta":[],"product_cat":[363],"product_tag":[],"class_list":{"0":"post-24887","1":"product","2":"type-product","3":"status-publish","4":"has-post-thumbnail","6":"product_cat-sacs-et-bagages","8":"first","9":"instock","10":"shipping-taxable","11":"purchasable","12":"product-type-simple"},"_links":{"self":[{"href":"https:\/\/www.hapy-com.fr\/echoppe\/wp-json\/wp\/v2\/product\/24887","targetHints":{"allow":["GET"]}}],"collection":[{"href":"https:\/\/www.hapy-com.fr\/echoppe\/wp-json\/wp\/v2\/product"}],"about":[{"href":"https:\/\/www.hapy-com.fr\/echoppe\/wp-json\/wp\/v2\/types\/product"}],"wp:featuredmedia":[{"embeddable":true,"href":"https:\/\/www.hapy-com.fr\/echoppe\/wp-json\/wp\/v2\/media\/24885"}],"wp:attachment":[{"href":"https:\/\/www.hapy-com.fr\/echoppe\/wp-json\/wp\/v2\/media?parent=24887"}],"wp:term":[{"taxonomy":"product_cat","embeddable":true,"href":"https:\/\/www.hapy-com.fr\/echoppe\/wp-json\/wp\/v2\/product_cat?post=24887"},{"taxonomy":"product_tag","embeddable":true,"href":"https:\/\/www.hapy-com.fr\/echoppe\/wp-json\/wp\/v2\/product_tag?post=24887"}],"curies":[{"name":"wp","href":"https:\/\/api.w.org\/{rel}","templated":true}]}}