{"id":25106,"date":"2022-06-24T14:27:31","date_gmt":"2022-06-24T12:27:31","guid":{"rendered":"http:\/\/www.hapy-com.fr\/echoppe\/product\/medaille-corum\/"},"modified":"2022-06-24T14:27:31","modified_gmt":"2022-06-24T12:27:31","slug":"medaille-corum","status":"publish","type":"product","link":"https:\/\/www.hapy-com.fr\/echoppe\/product\/medaille-corum\/","title":{"rendered":"M\u00e9daille Corum"},"content":{"rendered":"<p>M\u00e9daille m\u00e9tallique avec ruban en polyester rouge et drapeau Espagnol. Fermeture mousqueton pour faciliter le marquage et disponible en mod\u00e8le or, argent et bronze.<\/p>\n","protected":false},"excerpt":{"rendered":"<p>M\u00e9daille m\u00e9tallique avec ruban en polyester rouge et drapeau Espagnol. Fermeture mousqueton pour faciliter le marquage et disponible en mod\u00e8le or, argent et bronze.<\/p>\n","protected":false},"featured_media":25104,"template":"","meta":[],"product_cat":[364],"product_tag":[],"class_list":{"0":"post-25106","1":"product","2":"type-product","3":"status-publish","4":"has-post-thumbnail","6":"product_cat-sport-et-aventure","8":"first","9":"instock","10":"shipping-taxable","11":"purchasable","12":"product-type-simple"},"_links":{"self":[{"href":"https:\/\/www.hapy-com.fr\/echoppe\/wp-json\/wp\/v2\/product\/25106","targetHints":{"allow":["GET"]}}],"collection":[{"href":"https:\/\/www.hapy-com.fr\/echoppe\/wp-json\/wp\/v2\/product"}],"about":[{"href":"https:\/\/www.hapy-com.fr\/echoppe\/wp-json\/wp\/v2\/types\/product"}],"wp:featuredmedia":[{"embeddable":true,"href":"https:\/\/www.hapy-com.fr\/echoppe\/wp-json\/wp\/v2\/media\/25104"}],"wp:attachment":[{"href":"https:\/\/www.hapy-com.fr\/echoppe\/wp-json\/wp\/v2\/media?parent=25106"}],"wp:term":[{"taxonomy":"product_cat","embeddable":true,"href":"https:\/\/www.hapy-com.fr\/echoppe\/wp-json\/wp\/v2\/product_cat?post=25106"},{"taxonomy":"product_tag","embeddable":true,"href":"https:\/\/www.hapy-com.fr\/echoppe\/wp-json\/wp\/v2\/product_tag?post=25106"}],"curies":[{"name":"wp","href":"https:\/\/api.w.org\/{rel}","templated":true}]}}