{"id":25152,"date":"2022-06-24T14:28:07","date_gmt":"2022-06-24T12:28:07","guid":{"rendered":"http:\/\/www.hapy-com.fr\/echoppe\/product\/multi-outils-wicax\/"},"modified":"2022-06-24T14:28:07","modified_gmt":"2022-06-24T12:28:07","slug":"multi-outils-wicax","status":"publish","type":"product","link":"https:\/\/www.hapy-com.fr\/echoppe\/product\/multi-outils-wicax\/","title":{"rendered":"Multi Outils Wicax"},"content":{"rendered":"<p>Multi outils avec corps r\u00e9sistant en acier inoxydable et 11 fonctions. Ouvre-boite, couteau, tournevis, r\u00e8gle, ouvre-bouteille, cl\u00e9s anglaises, cl\u00e9s papillon, scie et indicateur d\u00b4orientation. Pr\u00e9sent\u00e9 dans un \u00e9tui robuste en simili cuir.<\/p>\n","protected":false},"excerpt":{"rendered":"<p>Multi outils avec corps r\u00e9sistant en acier inoxydable et 11 fonctions. Ouvre-boite, couteau, tournevis, r\u00e8gle, ouvre-bouteille, cl\u00e9s anglaises, cl\u00e9s papillon, scie et indicateur d\u00b4orientation. Pr\u00e9sent\u00e9 dans un \u00e9tui robuste en&#8230;<\/p>\n","protected":false},"featured_media":25151,"template":"","meta":[],"product_cat":[364],"product_tag":[],"class_list":{"0":"post-25152","1":"product","2":"type-product","3":"status-publish","4":"has-post-thumbnail","6":"product_cat-sport-et-aventure","8":"first","9":"instock","10":"shipping-taxable","11":"purchasable","12":"product-type-simple"},"_links":{"self":[{"href":"https:\/\/www.hapy-com.fr\/echoppe\/wp-json\/wp\/v2\/product\/25152","targetHints":{"allow":["GET"]}}],"collection":[{"href":"https:\/\/www.hapy-com.fr\/echoppe\/wp-json\/wp\/v2\/product"}],"about":[{"href":"https:\/\/www.hapy-com.fr\/echoppe\/wp-json\/wp\/v2\/types\/product"}],"wp:featuredmedia":[{"embeddable":true,"href":"https:\/\/www.hapy-com.fr\/echoppe\/wp-json\/wp\/v2\/media\/25151"}],"wp:attachment":[{"href":"https:\/\/www.hapy-com.fr\/echoppe\/wp-json\/wp\/v2\/media?parent=25152"}],"wp:term":[{"taxonomy":"product_cat","embeddable":true,"href":"https:\/\/www.hapy-com.fr\/echoppe\/wp-json\/wp\/v2\/product_cat?post=25152"},{"taxonomy":"product_tag","embeddable":true,"href":"https:\/\/www.hapy-com.fr\/echoppe\/wp-json\/wp\/v2\/product_tag?post=25152"}],"curies":[{"name":"wp","href":"https:\/\/api.w.org\/{rel}","templated":true}]}}