{"id":25292,"date":"2022-06-24T14:29:51","date_gmt":"2022-06-24T12:29:51","guid":{"rendered":"http:\/\/www.hapy-com.fr\/echoppe\/product\/sac-couchage-calix-2\/"},"modified":"2022-06-24T14:29:51","modified_gmt":"2022-06-24T12:29:51","slug":"sac-couchage-calix-2","status":"publish","type":"product","link":"https:\/\/www.hapy-com.fr\/echoppe\/product\/sac-couchage-calix-2\/","title":{"rendered":"Sac couchage Calix"},"content":{"rendered":"<p>Sac de couchage de diff\u00e9rentes couleurs, en tissu doux avec un rembourrage int\u00e9rieur \u00e9pais. Avec fermeture zipp\u00e9e pour une ouverture sur toute la longueur, avec double curseur int\u00e9rieur et ext\u00e9rieur. Housse assortie avec cordon de serrage r\u00e9sistant.<\/p>\n","protected":false},"excerpt":{"rendered":"<p>Sac de couchage de diff\u00e9rentes couleurs, en tissu doux avec un rembourrage int\u00e9rieur \u00e9pais. Avec fermeture zipp\u00e9e pour une ouverture sur toute la longueur, avec double curseur int\u00e9rieur et ext\u00e9rieur&#8230;.<\/p>\n","protected":false},"featured_media":25291,"template":"","meta":[],"product_cat":[364],"product_tag":[],"class_list":{"0":"post-25292","1":"product","2":"type-product","3":"status-publish","4":"has-post-thumbnail","6":"product_cat-sport-et-aventure","8":"first","9":"instock","10":"shipping-taxable","11":"purchasable","12":"product-type-simple"},"_links":{"self":[{"href":"https:\/\/www.hapy-com.fr\/echoppe\/wp-json\/wp\/v2\/product\/25292","targetHints":{"allow":["GET"]}}],"collection":[{"href":"https:\/\/www.hapy-com.fr\/echoppe\/wp-json\/wp\/v2\/product"}],"about":[{"href":"https:\/\/www.hapy-com.fr\/echoppe\/wp-json\/wp\/v2\/types\/product"}],"wp:featuredmedia":[{"embeddable":true,"href":"https:\/\/www.hapy-com.fr\/echoppe\/wp-json\/wp\/v2\/media\/25291"}],"wp:attachment":[{"href":"https:\/\/www.hapy-com.fr\/echoppe\/wp-json\/wp\/v2\/media?parent=25292"}],"wp:term":[{"taxonomy":"product_cat","embeddable":true,"href":"https:\/\/www.hapy-com.fr\/echoppe\/wp-json\/wp\/v2\/product_cat?post=25292"},{"taxonomy":"product_tag","embeddable":true,"href":"https:\/\/www.hapy-com.fr\/echoppe\/wp-json\/wp\/v2\/product_tag?post=25292"}],"curies":[{"name":"wp","href":"https:\/\/api.w.org\/{rel}","templated":true}]}}