{"id":25597,"date":"2022-06-24T14:34:27","date_gmt":"2022-06-24T12:34:27","guid":{"rendered":"http:\/\/www.hapy-com.fr\/echoppe\/product\/set-golf-grent\/"},"modified":"2022-06-24T14:34:27","modified_gmt":"2022-06-24T12:34:27","slug":"set-golf-grent","status":"publish","type":"product","link":"https:\/\/www.hapy-com.fr\/echoppe\/product\/set-golf-grent\/","title":{"rendered":"Set Golf Grent"},"content":{"rendered":"<p>Ensemble de quatre accessoires de golf dans une \u00e9l\u00e9gante finition blanche. Comprend un rel\u00e8ve pitch en m\u00e9tal avec emplacement sp\u00e9cial pour marquage en doming et 3 tees en bois. Pr\u00e9sent\u00e9 dans un \u00e9tui sobre avec int\u00e9rieur rembourr\u00e9 et fermeture aimant\u00e9e.<\/p>\n","protected":false},"excerpt":{"rendered":"<p>Ensemble de quatre accessoires de golf dans une \u00e9l\u00e9gante finition blanche. Comprend un rel\u00e8ve pitch en m\u00e9tal avec emplacement sp\u00e9cial pour marquage en doming et 3 tees en bois. Pr\u00e9sent\u00e9&#8230;<\/p>\n","protected":false},"featured_media":25596,"template":"","meta":[],"product_cat":[364],"product_tag":[],"class_list":{"0":"post-25597","1":"product","2":"type-product","3":"status-publish","4":"has-post-thumbnail","6":"product_cat-sport-et-aventure","8":"first","9":"instock","10":"shipping-taxable","11":"purchasable","12":"product-type-simple"},"_links":{"self":[{"href":"https:\/\/www.hapy-com.fr\/echoppe\/wp-json\/wp\/v2\/product\/25597","targetHints":{"allow":["GET"]}}],"collection":[{"href":"https:\/\/www.hapy-com.fr\/echoppe\/wp-json\/wp\/v2\/product"}],"about":[{"href":"https:\/\/www.hapy-com.fr\/echoppe\/wp-json\/wp\/v2\/types\/product"}],"wp:featuredmedia":[{"embeddable":true,"href":"https:\/\/www.hapy-com.fr\/echoppe\/wp-json\/wp\/v2\/media\/25596"}],"wp:attachment":[{"href":"https:\/\/www.hapy-com.fr\/echoppe\/wp-json\/wp\/v2\/media?parent=25597"}],"wp:term":[{"taxonomy":"product_cat","embeddable":true,"href":"https:\/\/www.hapy-com.fr\/echoppe\/wp-json\/wp\/v2\/product_cat?post=25597"},{"taxonomy":"product_tag","embeddable":true,"href":"https:\/\/www.hapy-com.fr\/echoppe\/wp-json\/wp\/v2\/product_tag?post=25597"}],"curies":[{"name":"wp","href":"https:\/\/api.w.org\/{rel}","templated":true}]}}