{"id":25602,"date":"2022-06-24T14:34:32","date_gmt":"2022-06-24T12:34:32","guid":{"rendered":"http:\/\/www.hapy-com.fr\/echoppe\/product\/canif-thiam-2\/"},"modified":"2022-06-24T14:34:32","modified_gmt":"2022-06-24T12:34:32","slug":"canif-thiam-2","status":"publish","type":"product","link":"https:\/\/www.hapy-com.fr\/echoppe\/product\/canif-thiam-2\/","title":{"rendered":"Canif Thiam"},"content":{"rendered":"<p>Canif de grande qualit\u00e9 avec lame de couleur sombre en acier inoxydable. Manche en acier inoxydable avec cran d\u00b4arr\u00eat propos\u00e9 dans une vari\u00e9t\u00e9 de coloris. Pr\u00e9sent\u00e9 en bo\u00eete individuelle.<\/p>\n","protected":false},"excerpt":{"rendered":"<p>Canif de grande qualit\u00e9 avec lame de couleur sombre en acier inoxydable. Manche en acier inoxydable avec cran d\u00b4arr\u00eat propos\u00e9 dans une vari\u00e9t\u00e9 de coloris. Pr\u00e9sent\u00e9 en bo\u00eete individuelle.<\/p>\n","protected":false},"featured_media":25601,"template":"","meta":[],"product_cat":[364],"product_tag":[],"class_list":{"0":"post-25602","1":"product","2":"type-product","3":"status-publish","4":"has-post-thumbnail","6":"product_cat-sport-et-aventure","8":"first","9":"instock","10":"shipping-taxable","11":"purchasable","12":"product-type-simple"},"_links":{"self":[{"href":"https:\/\/www.hapy-com.fr\/echoppe\/wp-json\/wp\/v2\/product\/25602","targetHints":{"allow":["GET"]}}],"collection":[{"href":"https:\/\/www.hapy-com.fr\/echoppe\/wp-json\/wp\/v2\/product"}],"about":[{"href":"https:\/\/www.hapy-com.fr\/echoppe\/wp-json\/wp\/v2\/types\/product"}],"wp:featuredmedia":[{"embeddable":true,"href":"https:\/\/www.hapy-com.fr\/echoppe\/wp-json\/wp\/v2\/media\/25601"}],"wp:attachment":[{"href":"https:\/\/www.hapy-com.fr\/echoppe\/wp-json\/wp\/v2\/media?parent=25602"}],"wp:term":[{"taxonomy":"product_cat","embeddable":true,"href":"https:\/\/www.hapy-com.fr\/echoppe\/wp-json\/wp\/v2\/product_cat?post=25602"},{"taxonomy":"product_tag","embeddable":true,"href":"https:\/\/www.hapy-com.fr\/echoppe\/wp-json\/wp\/v2\/product_tag?post=25602"}],"curies":[{"name":"wp","href":"https:\/\/api.w.org\/{rel}","templated":true}]}}