{"id":25782,"date":"2022-06-24T14:37:33","date_gmt":"2022-06-24T12:37:33","guid":{"rendered":"http:\/\/www.hapy-com.fr\/echoppe\/product\/lampe-vilox-5\/"},"modified":"2022-06-24T14:37:33","modified_gmt":"2022-06-24T12:37:33","slug":"lampe-vilox-5","status":"publish","type":"product","link":"https:\/\/www.hapy-com.fr\/echoppe\/product\/lampe-vilox-5\/","title":{"rendered":"Lampe Vilox"},"content":{"rendered":"<p>Lampe de poche sportive avec bande \u00e9lastique, r\u00e9glable pour bras, t\u00eate \u2026 Dispose de 8 LED COB blanches avec 3 positions d\u2019\u00e9clairage (2 fixes et 1 intermittente). Disponible en plusieurs coloris avec alimentation par piles (3 piles AAA non incluses). Pr\u00e9sentation sous boite cadeau individuelle.<\/p>\n","protected":false},"excerpt":{"rendered":"<p>Lampe de poche sportive avec bande \u00e9lastique, r\u00e9glable pour bras, t\u00eate \u2026 Dispose de 8 LED COB blanches avec 3 positions d\u2019\u00e9clairage (2 fixes et 1 intermittente). Disponible en plusieurs&#8230;<\/p>\n","protected":false},"featured_media":25781,"template":"","meta":[],"product_cat":[364],"product_tag":[],"class_list":{"0":"post-25782","1":"product","2":"type-product","3":"status-publish","4":"has-post-thumbnail","6":"product_cat-sport-et-aventure","8":"first","9":"instock","10":"shipping-taxable","11":"purchasable","12":"product-type-simple"},"_links":{"self":[{"href":"https:\/\/www.hapy-com.fr\/echoppe\/wp-json\/wp\/v2\/product\/25782","targetHints":{"allow":["GET"]}}],"collection":[{"href":"https:\/\/www.hapy-com.fr\/echoppe\/wp-json\/wp\/v2\/product"}],"about":[{"href":"https:\/\/www.hapy-com.fr\/echoppe\/wp-json\/wp\/v2\/types\/product"}],"wp:featuredmedia":[{"embeddable":true,"href":"https:\/\/www.hapy-com.fr\/echoppe\/wp-json\/wp\/v2\/media\/25781"}],"wp:attachment":[{"href":"https:\/\/www.hapy-com.fr\/echoppe\/wp-json\/wp\/v2\/media?parent=25782"}],"wp:term":[{"taxonomy":"product_cat","embeddable":true,"href":"https:\/\/www.hapy-com.fr\/echoppe\/wp-json\/wp\/v2\/product_cat?post=25782"},{"taxonomy":"product_tag","embeddable":true,"href":"https:\/\/www.hapy-com.fr\/echoppe\/wp-json\/wp\/v2\/product_tag?post=25782"}],"curies":[{"name":"wp","href":"https:\/\/api.w.org\/{rel}","templated":true}]}}