{"id":25784,"date":"2022-06-24T14:37:34","date_gmt":"2022-06-24T12:37:34","guid":{"rendered":"http:\/\/www.hapy-com.fr\/echoppe\/product\/lampe-demil\/"},"modified":"2022-06-24T14:37:34","modified_gmt":"2022-06-24T12:37:34","slug":"lampe-demil","status":"publish","type":"product","link":"https:\/\/www.hapy-com.fr\/echoppe\/product\/lampe-demil\/","title":{"rendered":"Lampe Demil"},"content":{"rendered":"<p>Lampe pliante et puissante pour les plus aventureux. Finition brillante et solide, elle dispose de 30 LED r\u00e9partis sur 3 bandes COB. Eclairage blanc et poignets m\u00e9talliques. Aliment\u00e9e par piles (3xAAA non incluses) . Pr\u00e9sentation dans une boite cadeau individuelle.<\/p>\n","protected":false},"excerpt":{"rendered":"<p>Lampe pliante et puissante pour les plus aventureux. Finition brillante et solide, elle dispose de 30 LED r\u00e9partis sur 3 bandes COB. Eclairage blanc et poignets m\u00e9talliques. Aliment\u00e9e par piles&#8230;<\/p>\n","protected":false},"featured_media":25783,"template":"","meta":[],"product_cat":[364],"product_tag":[],"class_list":{"0":"post-25784","1":"product","2":"type-product","3":"status-publish","4":"has-post-thumbnail","6":"product_cat-sport-et-aventure","8":"first","9":"instock","10":"shipping-taxable","11":"purchasable","12":"product-type-simple"},"_links":{"self":[{"href":"https:\/\/www.hapy-com.fr\/echoppe\/wp-json\/wp\/v2\/product\/25784","targetHints":{"allow":["GET"]}}],"collection":[{"href":"https:\/\/www.hapy-com.fr\/echoppe\/wp-json\/wp\/v2\/product"}],"about":[{"href":"https:\/\/www.hapy-com.fr\/echoppe\/wp-json\/wp\/v2\/types\/product"}],"wp:featuredmedia":[{"embeddable":true,"href":"https:\/\/www.hapy-com.fr\/echoppe\/wp-json\/wp\/v2\/media\/25783"}],"wp:attachment":[{"href":"https:\/\/www.hapy-com.fr\/echoppe\/wp-json\/wp\/v2\/media?parent=25784"}],"wp:term":[{"taxonomy":"product_cat","embeddable":true,"href":"https:\/\/www.hapy-com.fr\/echoppe\/wp-json\/wp\/v2\/product_cat?post=25784"},{"taxonomy":"product_tag","embeddable":true,"href":"https:\/\/www.hapy-com.fr\/echoppe\/wp-json\/wp\/v2\/product_tag?post=25784"}],"curies":[{"name":"wp","href":"https:\/\/api.w.org\/{rel}","templated":true}]}}