{"id":25821,"date":"2022-06-24T14:38:05","date_gmt":"2022-06-24T12:38:05","guid":{"rendered":"http:\/\/www.hapy-com.fr\/echoppe\/product\/bracelet-reflechissant-picton-3\/"},"modified":"2022-06-24T14:38:05","modified_gmt":"2022-06-24T12:38:05","slug":"bracelet-reflechissant-picton-3","status":"publish","type":"product","link":"https:\/\/www.hapy-com.fr\/echoppe\/product\/bracelet-reflechissant-picton-3\/","title":{"rendered":"Bracelet R\u00e9fl\u00e9chissant Picton"},"content":{"rendered":"<p>Brassard r\u00e9fl\u00e9chissant en polyester et d\u00b4\u00e9lasthanne. Coupe ajust\u00e9e, avec 2 bandes r\u00e9fl\u00e9chissantes et disponible dans une large gamme de couleurs.<\/p>\n","protected":false},"excerpt":{"rendered":"<p>Brassard r\u00e9fl\u00e9chissant en polyester et d\u00b4\u00e9lasthanne. Coupe ajust\u00e9e, avec 2 bandes r\u00e9fl\u00e9chissantes et disponible dans une large gamme de couleurs.<\/p>\n","protected":false},"featured_media":25820,"template":"","meta":[],"product_cat":[364],"product_tag":[],"class_list":{"0":"post-25821","1":"product","2":"type-product","3":"status-publish","4":"has-post-thumbnail","6":"product_cat-sport-et-aventure","8":"first","9":"instock","10":"shipping-taxable","11":"purchasable","12":"product-type-simple"},"_links":{"self":[{"href":"https:\/\/www.hapy-com.fr\/echoppe\/wp-json\/wp\/v2\/product\/25821","targetHints":{"allow":["GET"]}}],"collection":[{"href":"https:\/\/www.hapy-com.fr\/echoppe\/wp-json\/wp\/v2\/product"}],"about":[{"href":"https:\/\/www.hapy-com.fr\/echoppe\/wp-json\/wp\/v2\/types\/product"}],"wp:featuredmedia":[{"embeddable":true,"href":"https:\/\/www.hapy-com.fr\/echoppe\/wp-json\/wp\/v2\/media\/25820"}],"wp:attachment":[{"href":"https:\/\/www.hapy-com.fr\/echoppe\/wp-json\/wp\/v2\/media?parent=25821"}],"wp:term":[{"taxonomy":"product_cat","embeddable":true,"href":"https:\/\/www.hapy-com.fr\/echoppe\/wp-json\/wp\/v2\/product_cat?post=25821"},{"taxonomy":"product_tag","embeddable":true,"href":"https:\/\/www.hapy-com.fr\/echoppe\/wp-json\/wp\/v2\/product_tag?post=25821"}],"curies":[{"name":"wp","href":"https:\/\/api.w.org\/{rel}","templated":true}]}}