{"id":25840,"date":"2022-06-24T14:38:20","date_gmt":"2022-06-24T12:38:20","guid":{"rendered":"http:\/\/www.hapy-com.fr\/echoppe\/product\/sac-a-dos-tayrux\/"},"modified":"2022-06-24T14:38:20","modified_gmt":"2022-06-24T12:38:20","slug":"sac-a-dos-tayrux","status":"publish","type":"product","link":"https:\/\/www.hapy-com.fr\/echoppe\/product\/sac-a-dos-tayrux\/","title":{"rendered":"Sac \u00e0 Dos Tayrux"},"content":{"rendered":"<p>Sac \u00e0 dos \u00e9tanche de grande capacit\u00e9 (20l). Fait de ripstop doux et r\u00e9sistant, avec fermeture de s\u00e9curit\u00e9. Poign\u00e9e avec boucle de fermeture et sangles de transport r\u00e9glables grises. Disponible dans une large gamme de couleurs de finition brillante, avec des accessoires dajustement noir.<\/p>\n","protected":false},"excerpt":{"rendered":"<p>Sac \u00e0 dos \u00e9tanche de grande capacit\u00e9 (20l). Fait de ripstop doux et r\u00e9sistant, avec fermeture de s\u00e9curit\u00e9. Poign\u00e9e avec boucle de fermeture et sangles de transport r\u00e9glables grises. Disponible&#8230;<\/p>\n","protected":false},"featured_media":25838,"template":"","meta":[],"product_cat":[364],"product_tag":[],"class_list":{"0":"post-25840","1":"product","2":"type-product","3":"status-publish","4":"has-post-thumbnail","6":"product_cat-sport-et-aventure","8":"first","9":"instock","10":"shipping-taxable","11":"purchasable","12":"product-type-simple"},"_links":{"self":[{"href":"https:\/\/www.hapy-com.fr\/echoppe\/wp-json\/wp\/v2\/product\/25840","targetHints":{"allow":["GET"]}}],"collection":[{"href":"https:\/\/www.hapy-com.fr\/echoppe\/wp-json\/wp\/v2\/product"}],"about":[{"href":"https:\/\/www.hapy-com.fr\/echoppe\/wp-json\/wp\/v2\/types\/product"}],"wp:featuredmedia":[{"embeddable":true,"href":"https:\/\/www.hapy-com.fr\/echoppe\/wp-json\/wp\/v2\/media\/25838"}],"wp:attachment":[{"href":"https:\/\/www.hapy-com.fr\/echoppe\/wp-json\/wp\/v2\/media?parent=25840"}],"wp:term":[{"taxonomy":"product_cat","embeddable":true,"href":"https:\/\/www.hapy-com.fr\/echoppe\/wp-json\/wp\/v2\/product_cat?post=25840"},{"taxonomy":"product_tag","embeddable":true,"href":"https:\/\/www.hapy-com.fr\/echoppe\/wp-json\/wp\/v2\/product_tag?post=25840"}],"curies":[{"name":"wp","href":"https:\/\/api.w.org\/{rel}","templated":true}]}}