{"id":25849,"date":"2022-06-24T14:38:28","date_gmt":"2022-06-24T12:38:28","guid":{"rendered":"http:\/\/www.hapy-com.fr\/echoppe\/product\/bonnet-koppy\/"},"modified":"2022-06-24T14:38:28","modified_gmt":"2022-06-24T12:38:28","slug":"bonnet-koppy","status":"publish","type":"product","link":"https:\/\/www.hapy-com.fr\/echoppe\/product\/bonnet-koppy\/","title":{"rendered":"Bonnet Koppy"},"content":{"rendered":"<p>Bonnet de sport double \u00e9paisseur avec voyants lumineux int\u00e9gr\u00e9s offrant 4 modes d\u00b4\u00e9clairage LED diff\u00e9rents. En mati\u00e8re acrylique douce et confortable. Taille 58. Rechargeable par USB<\/p>\n","protected":false},"excerpt":{"rendered":"<p>Bonnet de sport double \u00e9paisseur avec voyants lumineux int\u00e9gr\u00e9s offrant 4 modes d\u00b4\u00e9clairage LED diff\u00e9rents. En mati\u00e8re acrylique douce et confortable. Taille 58. Rechargeable par USB<\/p>\n","protected":false},"featured_media":25847,"template":"","meta":[],"product_cat":[364],"product_tag":[],"class_list":{"0":"post-25849","1":"product","2":"type-product","3":"status-publish","4":"has-post-thumbnail","6":"product_cat-sport-et-aventure","8":"first","9":"instock","10":"shipping-taxable","11":"purchasable","12":"product-type-simple"},"_links":{"self":[{"href":"https:\/\/www.hapy-com.fr\/echoppe\/wp-json\/wp\/v2\/product\/25849","targetHints":{"allow":["GET"]}}],"collection":[{"href":"https:\/\/www.hapy-com.fr\/echoppe\/wp-json\/wp\/v2\/product"}],"about":[{"href":"https:\/\/www.hapy-com.fr\/echoppe\/wp-json\/wp\/v2\/types\/product"}],"wp:featuredmedia":[{"embeddable":true,"href":"https:\/\/www.hapy-com.fr\/echoppe\/wp-json\/wp\/v2\/media\/25847"}],"wp:attachment":[{"href":"https:\/\/www.hapy-com.fr\/echoppe\/wp-json\/wp\/v2\/media?parent=25849"}],"wp:term":[{"taxonomy":"product_cat","embeddable":true,"href":"https:\/\/www.hapy-com.fr\/echoppe\/wp-json\/wp\/v2\/product_cat?post=25849"},{"taxonomy":"product_tag","embeddable":true,"href":"https:\/\/www.hapy-com.fr\/echoppe\/wp-json\/wp\/v2\/product_tag?post=25849"}],"curies":[{"name":"wp","href":"https:\/\/api.w.org\/{rel}","templated":true}]}}