{"id":25902,"date":"2022-06-24T14:39:18","date_gmt":"2022-06-24T12:39:18","guid":{"rendered":"http:\/\/www.hapy-com.fr\/echoppe\/product\/tour-de-cou-suanix-2\/"},"modified":"2022-06-24T14:39:18","modified_gmt":"2022-06-24T12:39:18","slug":"tour-de-cou-suanix-2","status":"publish","type":"product","link":"https:\/\/www.hapy-com.fr\/echoppe\/product\/tour-de-cou-suanix-2\/","title":{"rendered":"Tour de Cou Suanix"},"content":{"rendered":"<p>Culotte multiposition de haute qualit\u00e9 de la ligne naturelle. En polyester \u00e9lastique RPET souple, fabriqu\u00e9 \u00e0 partir de plastique recycl\u00e9 pour favoriser la r\u00e9utilisation des d\u00e9chets plastiques et contribuer \u00e0 la durabilit\u00e9 de la plan\u00e8te. Avec badge RPET sur \u00e9tiquette ext\u00e9rieure.<\/p>\n","protected":false},"excerpt":{"rendered":"<p>Culotte multiposition de haute qualit\u00e9 de la ligne naturelle. En polyester \u00e9lastique RPET souple, fabriqu\u00e9 \u00e0 partir de plastique recycl\u00e9 pour favoriser la r\u00e9utilisation des d\u00e9chets plastiques et contribuer \u00e0&#8230;<\/p>\n","protected":false},"featured_media":25901,"template":"","meta":[],"product_cat":[364],"product_tag":[],"class_list":{"0":"post-25902","1":"product","2":"type-product","3":"status-publish","4":"has-post-thumbnail","6":"product_cat-sport-et-aventure","8":"first","9":"instock","10":"shipping-taxable","11":"purchasable","12":"product-type-simple"},"_links":{"self":[{"href":"https:\/\/www.hapy-com.fr\/echoppe\/wp-json\/wp\/v2\/product\/25902","targetHints":{"allow":["GET"]}}],"collection":[{"href":"https:\/\/www.hapy-com.fr\/echoppe\/wp-json\/wp\/v2\/product"}],"about":[{"href":"https:\/\/www.hapy-com.fr\/echoppe\/wp-json\/wp\/v2\/types\/product"}],"wp:featuredmedia":[{"embeddable":true,"href":"https:\/\/www.hapy-com.fr\/echoppe\/wp-json\/wp\/v2\/media\/25901"}],"wp:attachment":[{"href":"https:\/\/www.hapy-com.fr\/echoppe\/wp-json\/wp\/v2\/media?parent=25902"}],"wp:term":[{"taxonomy":"product_cat","embeddable":true,"href":"https:\/\/www.hapy-com.fr\/echoppe\/wp-json\/wp\/v2\/product_cat?post=25902"},{"taxonomy":"product_tag","embeddable":true,"href":"https:\/\/www.hapy-com.fr\/echoppe\/wp-json\/wp\/v2\/product_tag?post=25902"}],"curies":[{"name":"wp","href":"https:\/\/api.w.org\/{rel}","templated":true}]}}