{"id":25987,"date":"2022-06-24T14:40:32","date_gmt":"2022-06-24T12:40:32","guid":{"rendered":"http:\/\/www.hapy-com.fr\/echoppe\/product\/tour-de-poignet-beker-3\/"},"modified":"2022-06-24T14:40:32","modified_gmt":"2022-06-24T12:40:32","slug":"tour-de-poignet-beker-3","status":"publish","type":"product","link":"https:\/\/www.hapy-com.fr\/echoppe\/product\/tour-de-poignet-beker-3\/","title":{"rendered":"Tour de Poignet Beker"},"content":{"rendered":"<p>Tour de poignet \u00e9lastique de belle qualit\u00e9 propos\u00e9 en plusieurs couleurs vives. R\u00e9glage ajust\u00e9, largeur de 7,3 cm en m\u00e9lange de coton et polyester. Con\u00e7u pour le sport et les loisirs.<\/p>\n","protected":false},"excerpt":{"rendered":"<p>Tour de poignet \u00e9lastique de belle qualit\u00e9 propos\u00e9 en plusieurs couleurs vives. R\u00e9glage ajust\u00e9, largeur de 7,3 cm en m\u00e9lange de coton et polyester. Con\u00e7u pour le sport et les&#8230;<\/p>\n","protected":false},"featured_media":25986,"template":"","meta":[],"product_cat":[364],"product_tag":[],"class_list":{"0":"post-25987","1":"product","2":"type-product","3":"status-publish","4":"has-post-thumbnail","6":"product_cat-sport-et-aventure","8":"first","9":"instock","10":"shipping-taxable","11":"purchasable","12":"product-type-simple"},"_links":{"self":[{"href":"https:\/\/www.hapy-com.fr\/echoppe\/wp-json\/wp\/v2\/product\/25987","targetHints":{"allow":["GET"]}}],"collection":[{"href":"https:\/\/www.hapy-com.fr\/echoppe\/wp-json\/wp\/v2\/product"}],"about":[{"href":"https:\/\/www.hapy-com.fr\/echoppe\/wp-json\/wp\/v2\/types\/product"}],"wp:featuredmedia":[{"embeddable":true,"href":"https:\/\/www.hapy-com.fr\/echoppe\/wp-json\/wp\/v2\/media\/25986"}],"wp:attachment":[{"href":"https:\/\/www.hapy-com.fr\/echoppe\/wp-json\/wp\/v2\/media?parent=25987"}],"wp:term":[{"taxonomy":"product_cat","embeddable":true,"href":"https:\/\/www.hapy-com.fr\/echoppe\/wp-json\/wp\/v2\/product_cat?post=25987"},{"taxonomy":"product_tag","embeddable":true,"href":"https:\/\/www.hapy-com.fr\/echoppe\/wp-json\/wp\/v2\/product_tag?post=25987"}],"curies":[{"name":"wp","href":"https:\/\/api.w.org\/{rel}","templated":true}]}}