{"id":26094,"date":"2022-06-24T14:42:06","date_gmt":"2022-06-24T12:42:06","guid":{"rendered":"http:\/\/www.hapy-com.fr\/echoppe\/product\/necessaire-espi-2\/"},"modified":"2022-06-24T14:42:06","modified_gmt":"2022-06-24T12:42:06","slug":"necessaire-espi-2","status":"publish","type":"product","link":"https:\/\/www.hapy-com.fr\/echoppe\/product\/necessaire-espi-2\/","title":{"rendered":"N\u00e9cessaire Espi"},"content":{"rendered":"<p>Trousse de toilette polyvalente en polyester 600D durable propos\u00e9e en couleurs vives. Fermeture zipp\u00e9e assortie. Poche ext\u00e9rieure zipp\u00e9e et poign\u00e9e de transport robuste noire. Doublure int\u00e9rieure en polyester souple assortie<\/p>\n","protected":false},"excerpt":{"rendered":"<p>Trousse de toilette polyvalente en polyester 600D durable propos\u00e9e en couleurs vives. Fermeture zipp\u00e9e assortie. Poche ext\u00e9rieure zipp\u00e9e et poign\u00e9e de transport robuste noire. Doublure int\u00e9rieure en polyester souple assortie<\/p>\n","protected":false},"featured_media":26093,"template":"","meta":[],"product_cat":[338],"product_tag":[],"class_list":{"0":"post-26094","1":"product","2":"type-product","3":"status-publish","4":"has-post-thumbnail","6":"product_cat-voyage-bagagerie","8":"first","9":"instock","10":"shipping-taxable","11":"purchasable","12":"product-type-simple"},"_links":{"self":[{"href":"https:\/\/www.hapy-com.fr\/echoppe\/wp-json\/wp\/v2\/product\/26094","targetHints":{"allow":["GET"]}}],"collection":[{"href":"https:\/\/www.hapy-com.fr\/echoppe\/wp-json\/wp\/v2\/product"}],"about":[{"href":"https:\/\/www.hapy-com.fr\/echoppe\/wp-json\/wp\/v2\/types\/product"}],"wp:featuredmedia":[{"embeddable":true,"href":"https:\/\/www.hapy-com.fr\/echoppe\/wp-json\/wp\/v2\/media\/26093"}],"wp:attachment":[{"href":"https:\/\/www.hapy-com.fr\/echoppe\/wp-json\/wp\/v2\/media?parent=26094"}],"wp:term":[{"taxonomy":"product_cat","embeddable":true,"href":"https:\/\/www.hapy-com.fr\/echoppe\/wp-json\/wp\/v2\/product_cat?post=26094"},{"taxonomy":"product_tag","embeddable":true,"href":"https:\/\/www.hapy-com.fr\/echoppe\/wp-json\/wp\/v2\/product_tag?post=26094"}],"curies":[{"name":"wp","href":"https:\/\/api.w.org\/{rel}","templated":true}]}}