{"id":26235,"date":"2022-06-24T14:44:30","date_gmt":"2022-06-24T12:44:30","guid":{"rendered":"http:\/\/www.hapy-com.fr\/echoppe\/product\/necessaire-losut-2\/"},"modified":"2022-06-24T14:44:30","modified_gmt":"2022-06-24T12:44:30","slug":"necessaire-losut-2","status":"publish","type":"product","link":"https:\/\/www.hapy-com.fr\/echoppe\/product\/necessaire-losut-2\/","title":{"rendered":"N\u00e9cessaire Losut"},"content":{"rendered":"<p>N\u00e9cessaire polyvalent en PVC transparent r\u00e9sistant avec passepoil renforc\u00e9 dans des couleurs vives. Avec fermeture zipp\u00e9e et poign\u00e9e de transport assortie.<\/p>\n","protected":false},"excerpt":{"rendered":"<p>N\u00e9cessaire polyvalent en PVC transparent r\u00e9sistant avec passepoil renforc\u00e9 dans des couleurs vives. Avec fermeture zipp\u00e9e et poign\u00e9e de transport assortie.<\/p>\n","protected":false},"featured_media":26234,"template":"","meta":[],"product_cat":[338],"product_tag":[],"class_list":{"0":"post-26235","1":"product","2":"type-product","3":"status-publish","4":"has-post-thumbnail","6":"product_cat-voyage-bagagerie","8":"first","9":"instock","10":"shipping-taxable","11":"purchasable","12":"product-type-simple"},"_links":{"self":[{"href":"https:\/\/www.hapy-com.fr\/echoppe\/wp-json\/wp\/v2\/product\/26235","targetHints":{"allow":["GET"]}}],"collection":[{"href":"https:\/\/www.hapy-com.fr\/echoppe\/wp-json\/wp\/v2\/product"}],"about":[{"href":"https:\/\/www.hapy-com.fr\/echoppe\/wp-json\/wp\/v2\/types\/product"}],"wp:featuredmedia":[{"embeddable":true,"href":"https:\/\/www.hapy-com.fr\/echoppe\/wp-json\/wp\/v2\/media\/26234"}],"wp:attachment":[{"href":"https:\/\/www.hapy-com.fr\/echoppe\/wp-json\/wp\/v2\/media?parent=26235"}],"wp:term":[{"taxonomy":"product_cat","embeddable":true,"href":"https:\/\/www.hapy-com.fr\/echoppe\/wp-json\/wp\/v2\/product_cat?post=26235"},{"taxonomy":"product_tag","embeddable":true,"href":"https:\/\/www.hapy-com.fr\/echoppe\/wp-json\/wp\/v2\/product_tag?post=26235"}],"curies":[{"name":"wp","href":"https:\/\/api.w.org\/{rel}","templated":true}]}}