{"id":26336,"date":"2022-06-24T14:46:02","date_gmt":"2022-06-24T12:46:02","guid":{"rendered":"http:\/\/www.hapy-com.fr\/echoppe\/product\/trolley-silmour\/"},"modified":"2022-06-24T14:46:02","modified_gmt":"2022-06-24T12:46:02","slug":"trolley-silmour","status":"publish","type":"product","link":"https:\/\/www.hapy-com.fr\/echoppe\/product\/trolley-silmour\/","title":{"rendered":"Trolley Silmour"},"content":{"rendered":"<p>Business trolley en ABS mat\u00e9riel rigide et r\u00e9sistant aux chocs. Avec connexion USB, compartiment de la banque d\u00b4alimentation -PB non inclus- et double poign\u00e9e rabattable, avec support de tablette int\u00e9gr\u00e9. Avec 4 roues t\u00e9lescopiques et verrou de s\u00e9curit\u00e9 TSA inclus.<\/p>\n","protected":false},"excerpt":{"rendered":"<p>Business trolley en ABS mat\u00e9riel rigide et r\u00e9sistant aux chocs. Avec connexion USB, compartiment de la banque d\u00b4alimentation -PB non inclus- et double poign\u00e9e rabattable, avec support de tablette int\u00e9gr\u00e9&#8230;.<\/p>\n","protected":false},"featured_media":26334,"template":"","meta":[],"product_cat":[338],"product_tag":[],"class_list":{"0":"post-26336","1":"product","2":"type-product","3":"status-publish","4":"has-post-thumbnail","6":"product_cat-voyage-bagagerie","8":"first","9":"instock","10":"shipping-taxable","11":"purchasable","12":"product-type-simple"},"_links":{"self":[{"href":"https:\/\/www.hapy-com.fr\/echoppe\/wp-json\/wp\/v2\/product\/26336","targetHints":{"allow":["GET"]}}],"collection":[{"href":"https:\/\/www.hapy-com.fr\/echoppe\/wp-json\/wp\/v2\/product"}],"about":[{"href":"https:\/\/www.hapy-com.fr\/echoppe\/wp-json\/wp\/v2\/types\/product"}],"wp:featuredmedia":[{"embeddable":true,"href":"https:\/\/www.hapy-com.fr\/echoppe\/wp-json\/wp\/v2\/media\/26334"}],"wp:attachment":[{"href":"https:\/\/www.hapy-com.fr\/echoppe\/wp-json\/wp\/v2\/media?parent=26336"}],"wp:term":[{"taxonomy":"product_cat","embeddable":true,"href":"https:\/\/www.hapy-com.fr\/echoppe\/wp-json\/wp\/v2\/product_cat?post=26336"},{"taxonomy":"product_tag","embeddable":true,"href":"https:\/\/www.hapy-com.fr\/echoppe\/wp-json\/wp\/v2\/product_tag?post=26336"}],"curies":[{"name":"wp","href":"https:\/\/api.w.org\/{rel}","templated":true}]}}