{"id":26365,"date":"2022-06-24T14:46:31","date_gmt":"2022-06-24T12:46:31","guid":{"rendered":"http:\/\/www.hapy-com.fr\/echoppe\/product\/necessaire-kopel\/"},"modified":"2022-06-24T14:46:31","modified_gmt":"2022-06-24T12:46:31","slug":"necessaire-kopel","status":"publish","type":"product","link":"https:\/\/www.hapy-com.fr\/echoppe\/product\/necessaire-kopel\/","title":{"rendered":"N\u00e9cessaire Kopel"},"content":{"rendered":"<p>Trousse de toilette gamme \u00e9co-friendly en RPET plastique recycl\u00e9, favorise la r\u00e9utilisation des d\u00e9chets plastiques et contribuer \u00e0 la durabilit\u00e9 de la plan\u00e8te. Compartiment principal et poche avant, avec fermeture \u00e0 glissi\u00e8re, avec cordelette au niveau des fermetures \u00e9claires pour facilit\u00e9 l\u00b4ouverture de la trousse. Anse de transport et badge RPET assortis sur l\u00b4\u00e9tiquette lat\u00e9rale. Disponible dans une large gamme de couleurs.<\/p>\n","protected":false},"excerpt":{"rendered":"<p>Trousse de toilette gamme \u00e9co-friendly en RPET plastique recycl\u00e9, favorise la r\u00e9utilisation des d\u00e9chets plastiques et contribuer \u00e0 la durabilit\u00e9 de la plan\u00e8te. Compartiment principal et poche avant, avec fermeture&#8230;<\/p>\n","protected":false},"featured_media":26363,"template":"","meta":[],"product_cat":[338],"product_tag":[],"class_list":{"0":"post-26365","1":"product","2":"type-product","3":"status-publish","4":"has-post-thumbnail","6":"product_cat-voyage-bagagerie","8":"first","9":"instock","10":"shipping-taxable","11":"purchasable","12":"product-type-simple"},"_links":{"self":[{"href":"https:\/\/www.hapy-com.fr\/echoppe\/wp-json\/wp\/v2\/product\/26365","targetHints":{"allow":["GET"]}}],"collection":[{"href":"https:\/\/www.hapy-com.fr\/echoppe\/wp-json\/wp\/v2\/product"}],"about":[{"href":"https:\/\/www.hapy-com.fr\/echoppe\/wp-json\/wp\/v2\/types\/product"}],"wp:featuredmedia":[{"embeddable":true,"href":"https:\/\/www.hapy-com.fr\/echoppe\/wp-json\/wp\/v2\/media\/26363"}],"wp:attachment":[{"href":"https:\/\/www.hapy-com.fr\/echoppe\/wp-json\/wp\/v2\/media?parent=26365"}],"wp:term":[{"taxonomy":"product_cat","embeddable":true,"href":"https:\/\/www.hapy-com.fr\/echoppe\/wp-json\/wp\/v2\/product_cat?post=26365"},{"taxonomy":"product_tag","embeddable":true,"href":"https:\/\/www.hapy-com.fr\/echoppe\/wp-json\/wp\/v2\/product_tag?post=26365"}],"curies":[{"name":"wp","href":"https:\/\/api.w.org\/{rel}","templated":true}]}}