{"id":26500,"date":"2022-06-24T14:51:49","date_gmt":"2022-06-24T12:51:49","guid":{"rendered":"http:\/\/www.hapy-com.fr\/echoppe\/product\/sac-koop-2\/"},"modified":"2022-06-24T14:51:49","modified_gmt":"2022-06-24T12:51:49","slug":"sac-koop-2","status":"publish","type":"product","link":"https:\/\/www.hapy-com.fr\/echoppe\/product\/sac-koop-2\/","title":{"rendered":"Sac Koop"},"content":{"rendered":"<p>Sac r\u00e9sistant en toile de jute lamin\u00e9e avec compartiment individuel pour 2 bouteilles de vin de 75cl. Avec fen\u00eatre transparente, liser\u00e9s et poign\u00e9es renforc\u00e9es<\/p>\n","protected":false},"excerpt":{"rendered":"<p>Sac r\u00e9sistant en toile de jute lamin\u00e9e avec compartiment individuel pour 2 bouteilles de vin de 75cl. Avec fen\u00eatre transparente, liser\u00e9s et poign\u00e9es renforc\u00e9es<\/p>\n","protected":false},"featured_media":10221,"template":"","meta":[],"product_cat":[345],"product_tag":[],"class_list":{"0":"post-26500","1":"product","2":"type-product","3":"status-publish","4":"has-post-thumbnail","6":"product_cat-accessoires","8":"first","9":"instock","10":"shipping-taxable","11":"purchasable","12":"product-type-simple"},"_links":{"self":[{"href":"https:\/\/www.hapy-com.fr\/echoppe\/wp-json\/wp\/v2\/product\/26500","targetHints":{"allow":["GET"]}}],"collection":[{"href":"https:\/\/www.hapy-com.fr\/echoppe\/wp-json\/wp\/v2\/product"}],"about":[{"href":"https:\/\/www.hapy-com.fr\/echoppe\/wp-json\/wp\/v2\/types\/product"}],"wp:featuredmedia":[{"embeddable":true,"href":"https:\/\/www.hapy-com.fr\/echoppe\/wp-json\/wp\/v2\/media\/10221"}],"wp:attachment":[{"href":"https:\/\/www.hapy-com.fr\/echoppe\/wp-json\/wp\/v2\/media?parent=26500"}],"wp:term":[{"taxonomy":"product_cat","embeddable":true,"href":"https:\/\/www.hapy-com.fr\/echoppe\/wp-json\/wp\/v2\/product_cat?post=26500"},{"taxonomy":"product_tag","embeddable":true,"href":"https:\/\/www.hapy-com.fr\/echoppe\/wp-json\/wp\/v2\/product_tag?post=26500"}],"curies":[{"name":"wp","href":"https:\/\/api.w.org\/{rel}","templated":true}]}}