{"id":26509,"date":"2022-06-24T14:51:54","date_gmt":"2022-06-24T12:51:54","guid":{"rendered":"http:\/\/www.hapy-com.fr\/echoppe\/product\/bracelet-events-2\/"},"modified":"2022-06-24T14:51:54","modified_gmt":"2022-06-24T12:51:54","slug":"bracelet-events-2","status":"publish","type":"product","link":"https:\/\/www.hapy-com.fr\/echoppe\/product\/bracelet-events-2\/","title":{"rendered":"Bracelet Events"},"content":{"rendered":"<p>Bracelet en fibre synth\u00e9tique pour adulte, disponible dans une large gamme de couleurs vives. Avec fermeture adh\u00e9sive, r\u00e9sistant \u00e0 l\u00b4eau et pr\u00e9sent\u00e9 en planche pr\u00e9d\u00e9coup\u00e9e de 10 pi\u00e8ces avec num\u00e9rotation individuelle.<\/p>\n","protected":false},"excerpt":{"rendered":"<p>Bracelet en fibre synth\u00e9tique pour adulte, disponible dans une large gamme de couleurs vives. Avec fermeture adh\u00e9sive, r\u00e9sistant \u00e0 l\u00b4eau et pr\u00e9sent\u00e9 en planche pr\u00e9d\u00e9coup\u00e9e de 10 pi\u00e8ces avec num\u00e9rotation&#8230;<\/p>\n","protected":false},"featured_media":10227,"template":"","meta":[],"product_cat":[345],"product_tag":[],"class_list":{"0":"post-26509","1":"product","2":"type-product","3":"status-publish","4":"has-post-thumbnail","6":"product_cat-accessoires","8":"first","9":"instock","10":"shipping-taxable","11":"purchasable","12":"product-type-simple"},"_links":{"self":[{"href":"https:\/\/www.hapy-com.fr\/echoppe\/wp-json\/wp\/v2\/product\/26509","targetHints":{"allow":["GET"]}}],"collection":[{"href":"https:\/\/www.hapy-com.fr\/echoppe\/wp-json\/wp\/v2\/product"}],"about":[{"href":"https:\/\/www.hapy-com.fr\/echoppe\/wp-json\/wp\/v2\/types\/product"}],"wp:featuredmedia":[{"embeddable":true,"href":"https:\/\/www.hapy-com.fr\/echoppe\/wp-json\/wp\/v2\/media\/10227"}],"wp:attachment":[{"href":"https:\/\/www.hapy-com.fr\/echoppe\/wp-json\/wp\/v2\/media?parent=26509"}],"wp:term":[{"taxonomy":"product_cat","embeddable":true,"href":"https:\/\/www.hapy-com.fr\/echoppe\/wp-json\/wp\/v2\/product_cat?post=26509"},{"taxonomy":"product_tag","embeddable":true,"href":"https:\/\/www.hapy-com.fr\/echoppe\/wp-json\/wp\/v2\/product_tag?post=26509"}],"curies":[{"name":"wp","href":"https:\/\/api.w.org\/{rel}","templated":true}]}}